{"id":10408,"date":"2026-03-03T15:35:12","date_gmt":"2026-03-03T20:35:12","guid":{"rendered":"https:\/\/audioprothesistes.org\/staging20260303\/?page_id=10408"},"modified":"2026-03-03T15:40:59","modified_gmt":"2026-03-03T20:40:59","slug":"le-role-dun-audioprothesiste","status":"publish","type":"page","link":"https:\/\/audioprothesistes.org\/staging20260303\/public\/profession\/le-role-dun-audioprothesiste\/","title":{"rendered":"Le r\u00f4le d\u2019un audioproth\u00e9siste"},"content":{"rendered":"<p>[et_pb_section fb_built=\u00a0\u00bb1&Prime; admin_label=\u00a0\u00bbsection\u00a0\u00bb _builder_version=\u00a0\u00bb4.16&Prime; custom_padding=\u00a0\u00bb0px||0px||false|false\u00a0\u00bb global_colors_info=\u00a0\u00bb{}\u00a0\u00bb theme_builder_area=\u00a0\u00bbet_body_layout\u00a0\u00bb][et_pb_row column_structure=\u00a0\u00bb2_3,1_3&Prime; make_equal=\u00a0\u00bbon\u00a0\u00bb admin_label=\u00a0\u00bbrow\u00a0\u00bb _builder_version=\u00a0\u00bb4.19.0&Prime; _module_preset=\u00a0\u00bb34ebdddb-ba4e-47a4-ad6e-f7a0f2f689bf\u00a0\u00bb custom_css_main_element=\u00a0\u00bbalign-items:center;||  \u00a0\u00bb global_colors_info=\u00a0\u00bb{}\u00a0\u00bb theme_builder_area=\u00a0\u00bbet_body_layout\u00a0\u00bb][et_pb_column type=\u00a0\u00bb2_3&Prime; _builder_version=\u00a0\u00bb4.16&Prime; custom_padding=\u00a0\u00bb|||\u00a0\u00bb global_colors_info=\u00a0\u00bb{}\u00a0\u00bb custom_padding__hover=\u00a0\u00bb|||\u00a0\u00bb theme_builder_area=\u00a0\u00bbet_body_layout\u00a0\u00bb][et_pb_text admin_label=\u00a0\u00bbText\u00a0\u00bb _builder_version=\u00a0\u00bb4.27.6&Prime; background_size=\u00a0\u00bbinitial\u00a0\u00bb background_position=\u00a0\u00bbtop_left\u00a0\u00bb background_repeat=\u00a0\u00bbrepeat\u00a0\u00bb hover_enabled=\u00a0\u00bb0&Prime; global_colors_info=\u00a0\u00bb{}\u00a0\u00bb theme_builder_area=\u00a0\u00bbet_body_layout\u00a0\u00bb sticky_enabled=\u00a0\u00bb0&Prime;]<\/p>\n<p>L\u2019audioproth\u00e9siste est un professionnel de la sant\u00e9 auditive qui proc\u00e8de \u00e0 la vente, \u00e0 la pose, \u00e0 l\u2019ajustement et au remplacement de proth\u00e8ses auditives \u00e0 condition de d\u00e9tenir un certificat attestant la n\u00e9cessit\u00e9 \u00e9mis par un m\u00e9decin, un audiologiste ou un orthophoniste. \u202f<\/p>\n<p>Il accompagne la personne malentendante dans le choix de proth\u00e8ses auditives adapt\u00e9es \u00e0 ses besoins, en tenant compte de son mode de vie et de son environnement sonore. Il soutient \u00e9galement la personne dans son adaptation aux proth\u00e8ses et dans sa r\u00e9adaptation au monde sonore et \u00e0 la communication. Gr\u00e2ce \u00e0 un suivi personnalis\u00e9, il aide ses patients \u00e0 retrouver une meilleure qualit\u00e9 de vie et \u00e0 r\u00e9tablir leur lien avec leur environnement sonore.\u202f<\/p>\n<p>L\u2019audioproth\u00e9siste travaille en collaboration avec d\u2019autres professionnels de la sant\u00e9, tels que les audiologistes et les m\u00e9decins oto-rhino-laryngologistes (ORL). Il exerce sa profession sous la r\u00e9gulation de l\u2019Ordre des audioproth\u00e9sistes du Qu\u00e9bec, qui veille \u00e0 la protection du public, notamment en assurant la comp\u00e9tence de ses membres et le respect des lois et r\u00e8glements encadrant la profession.<\/p>\n<p>[\/et_pb_text][\/et_pb_column][et_pb_column type=\u00a0\u00bb1_3&Prime; _builder_version=\u00a0\u00bb4.16&Prime; custom_padding=\u00a0\u00bb|||\u00a0\u00bb global_colors_info=\u00a0\u00bb{}\u00a0\u00bb custom_padding__hover=\u00a0\u00bb|||\u00a0\u00bb theme_builder_area=\u00a0\u00bbet_body_layout\u00a0\u00bb][et_pb_code admin_label=\u00a0\u00bbIcone sommet\u00a0\u00bb _builder_version=\u00a0\u00bb4.19.0&Prime; _module_preset=\u00a0\u00bbdefault\u00a0\u00bb text_orientation=\u00a0\u00bbleft\u00a0\u00bb max_width=\u00a0\u00bb500px\u00a0\u00bb text_orientation_tablet=\u00a0\u00bbcenter\u00a0\u00bb text_orientation_phone=\u00a0\u00bbcenter\u00a0\u00bb text_orientation_last_edited=\u00a0\u00bbon|tablet\u00a0\u00bb custom_css_main_element=\u00a0\u00bbmargin:auto;\u00a0\u00bb global_colors_info=\u00a0\u00bb{}\u00a0\u00bb theme_builder_area=\u00a0\u00bbet_body_layout\u00a0\u00bb]<svg xmlns=\"http:\/\/www.w3.org\/2000\/svg\" width=\"50%\" height=\"50%\" viewBox=\"0 0 360.25 387.925\"><!-- [et_pb_line_break_holder] -->  <rect id=\"Rectangle_105\" data-name=\"Rectangle 105\" width=\"305.462\" height=\"308.291\" rx=\"152.731\" transform=\"translate(0 55.051)\" fill=\"#eaa04c\"\/><!-- [et_pb_line_break_holder] -->  <g id=\"SVGRepo_iconCarrier\" transform=\"translate(100.06 -0.749)\"><!-- [et_pb_line_break_holder] -->    <path id=\"Trac\u00e9_29\" data-name=\"Trac\u00e9 29\" d=\"M133.382,1.262C70.673,1.262,7.19,48.9,7.19,139.97a9.677,9.677,0,0,0,19.355,0h0c0-82,55.38-119.354,106.838-119.354S240.22,57.971,240.22,139.97c.065,1.574.09,3.419.09,5.277a154.24,154.24,0,0,1-2.658,28.555l.155-.955A135.735,135.735,0,0,1,210.052,230.6l.194-.232c-2.542,3.071-5.368,5.871-8.142,8.645a106.677,106.677,0,0,0-12.516,14.155l-.206.3a215.119,215.119,0,0,0-15.226,26.542l-.581,1.329a136.112,136.112,0,0,0-8.981,20.658L164.3,303a59.749,59.749,0,0,0-2.284,12.993l-.013.194a45.977,45.977,0,0,1-1.535,9.368l.077-.323a66.98,66.98,0,0,1-4.1,10.7l.181-.4a55.292,55.292,0,0,1-12.387,16l-.052.052a71.041,71.041,0,0,1-37.909,16.5l-.335.026a81.212,81.212,0,0,1-10.722.7A83.2,83.2,0,0,1,62.7,362.239l.542.206A59.376,59.376,0,0,1,33.616,335.7l-.155-.31a61.1,61.1,0,0,1-6.142-26.89v-.787a9.677,9.677,0,1,0-19.355,0h0v.748a80.869,80.869,0,0,0,8.413,36.064l-.206-.477a79.02,79.02,0,0,0,38.9,36l.516.194a97.643,97.643,0,0,0,38.9,7.935h.439a106.948,106.948,0,0,0,14.013-.916l-.542.065a89.511,89.511,0,0,0,48.748-21.368l-.116.09a74.472,74.472,0,0,0,16.645-21.368l.194-.413a80.683,80.683,0,0,0,4.981-12.684l.155-.606a58.563,58.563,0,0,0,2.232-12.748l.013-.181a47.748,47.748,0,0,1,1.587-9.639l-.077.335a127.424,127.424,0,0,1,8.452-19.484l-.335.684a201.323,201.323,0,0,1,14.826-26.18l-.464.723A89.821,89.821,0,0,1,215.73,252.7l.052-.039c3.226-3.226,6.452-6.452,9.406-10.026a154.043,154.043,0,0,0,31.367-64.761l.194-1.019a163.281,163.281,0,0,0,2.942-31.29c0-1.974-.039-3.935-.1-5.9l.013.284c0-91.07-63.483-138.708-126.192-138.708Zm2.645,200.307a26.964,26.964,0,0,1-5.781.916h-.065a53.234,53.234,0,0,0-44.812,52.49c0,.387,0,.774.013,1.161v-.064c0,30.193-32.258,30.193-32.258,0a9.677,9.677,0,1,0-19.355,0h0a34.706,34.706,0,0,0-.219,3.987A37.283,37.283,0,0,0,69.176,297.3h.077a37.3,37.3,0,0,0,35.7-37.238,36.849,36.849,0,0,0-.232-4.155l.013.168v-.477a34.475,34.475,0,0,1,29.406-34.1l.194-.026a28.294,28.294,0,0,0,11.2-3.019l-.155.077a26.546,26.546,0,0,0,7.935-7.239l.052-.077a65.377,65.377,0,0,0,2.594-79.16l.142.194A60.543,60.543,0,0,0,77.383,115.7l.3-.155a58.629,58.629,0,0,1,56.167-46.283h.348A55.936,55.936,0,0,1,174.556,86.4l.013.013a74.558,74.558,0,0,1,19.019,49.883c0,1.29-.039,2.555-.09,3.832l.013-.181a9.677,9.677,0,0,0,19.355,0h0a78.32,78.32,0,0,0,.4-8.077A81.993,81.993,0,0,0,134.04,49.919h-.129A82.069,82.069,0,0,0,55,140.293l-.026-.348a9.681,9.681,0,0,0,9.677,9.677h0a9.538,9.538,0,0,0,9.2-7.329l.013-.065c.439-.348,1.058-.271,1.445-.7a42.052,42.052,0,0,1,65.264,2.258l.077.1A46.005,46.005,0,0,1,138,199.453l.065-.077a9.318,9.318,0,0,1-1.987,2.155l-.026.013Z\" transform=\"translate(0)\" fill=\"#003d4c\" stroke=\"#003d4c\" stroke-width=\"1\"\/><!-- [et_pb_line_break_holder] -->  <\/g><!-- [et_pb_line_break_holder] --><\/svg><!-- [et_pb_line_break_holder] -->[\/et_pb_code][\/et_pb_column][\/et_pb_row][\/et_pb_section][et_pb_section fb_built=\u00a0\u00bb1&Prime; _builder_version=\u00a0\u00bb4.27.4&Prime; _module_preset=\u00a0\u00bbdefault\u00a0\u00bb global_colors_info=\u00a0\u00bb{}\u00a0\u00bb theme_builder_area=\u00a0\u00bbet_body_layout\u00a0\u00bb][\/et_pb_section]<\/p>\n","protected":false},"excerpt":{"rendered":"<p>L\u2019audioproth\u00e9siste est un professionnel de la sant\u00e9 auditive qui proc\u00e8de \u00e0 la vente, \u00e0 la pose, \u00e0 l\u2019ajustement et au remplacement de proth\u00e8ses auditives \u00e0 condition de d\u00e9tenir un certificat attestant la n\u00e9cessit\u00e9 \u00e9mis par un m\u00e9decin, un audiologiste ou un orthophoniste. \u202f Il accompagne la personne malentendante dans le choix de proth\u00e8ses auditives adapt\u00e9es [&hellip;]<\/p>\n","protected":false},"author":1,"featured_media":5293,"parent":10412,"menu_order":0,"comment_status":"closed","ping_status":"closed","template":"","meta":{"_et_pb_use_builder":"on","_et_pb_old_content":"","_et_gb_content_width":"","footnotes":""},"class_list":["post-10408","page","type-page","status-publish","has-post-thumbnail","hentry"],"acf":[],"_links":{"self":[{"href":"https:\/\/audioprothesistes.org\/staging20260303\/wp-json\/wp\/v2\/pages\/10408","targetHints":{"allow":["GET"]}}],"collection":[{"href":"https:\/\/audioprothesistes.org\/staging20260303\/wp-json\/wp\/v2\/pages"}],"about":[{"href":"https:\/\/audioprothesistes.org\/staging20260303\/wp-json\/wp\/v2\/types\/page"}],"author":[{"embeddable":true,"href":"https:\/\/audioprothesistes.org\/staging20260303\/wp-json\/wp\/v2\/users\/1"}],"replies":[{"embeddable":true,"href":"https:\/\/audioprothesistes.org\/staging20260303\/wp-json\/wp\/v2\/comments?post=10408"}],"version-history":[{"count":3,"href":"https:\/\/audioprothesistes.org\/staging20260303\/wp-json\/wp\/v2\/pages\/10408\/revisions"}],"predecessor-version":[{"id":10418,"href":"https:\/\/audioprothesistes.org\/staging20260303\/wp-json\/wp\/v2\/pages\/10408\/revisions\/10418"}],"up":[{"embeddable":true,"href":"https:\/\/audioprothesistes.org\/staging20260303\/wp-json\/wp\/v2\/pages\/10412"}],"wp:featuredmedia":[{"embeddable":true,"href":"https:\/\/audioprothesistes.org\/staging20260303\/wp-json\/wp\/v2\/media\/5293"}],"wp:attachment":[{"href":"https:\/\/audioprothesistes.org\/staging20260303\/wp-json\/wp\/v2\/media?parent=10408"}],"curies":[{"name":"wp","href":"https:\/\/api.w.org\/{rel}","templated":true}]}}

Le rôle d’un audioprothésiste

<p>[et_pb_section fb_built= »1&Prime; admin_label= »section » _builder_version= »4.16&Prime; custom_padding= »0px||0px||false|false » global_colors_info= »{} » theme_builder_area= »et_body_layout »][et_pb_row column_structure= »2_3,1_3&Prime; make_equal= »on » admin_label= »row » _builder_version= »4.19.0&Prime; _module_preset= »34ebdddb-ba4e-47a4-ad6e-f7a0f2f689bf » custom_css_main_element= »align-items:center;||   » global_colors_info= »{} » theme_builder_area= »et_body_layout »][et_pb_column type= »2_3&Prime; _builder_version= »4.16&Prime; custom_padding= »||| » global_colors_info= »{} » custom_padding__hover= »||| » theme_builder_area= »et_body_layout »][et_pb_text admin_label= »Text » _builder_version= »4.27.6&Prime; background_size= »initial » background_position= »top_left » background_repeat= »repeat » hover_enabled= »0&Prime; global_colors_info= »{} » theme_builder_area= »et_body_layout » sticky_enabled= »0&Prime;]</p>
<p>L’audioprothésiste est un professionnel de la santé auditive qui procède à la vente, à la pose, à l’ajustement et au remplacement de prothèses auditives à condition de détenir un certificat attestant la nécessité émis par un médecin, un audiologiste ou un orthophoniste.  </p>
<p>Il accompagne la personne malentendante dans le choix de prothèses auditives adaptées à ses besoins, en tenant compte de son mode de vie et de son environnement sonore. Il soutient également la personne dans son adaptation aux prothèses et dans sa réadaptation au monde sonore et à la communication. Grâce à un suivi personnalisé, il aide ses patients à retrouver une meilleure qualité de vie et à rétablir leur lien avec leur environnement sonore. </p>
<p>L’audioprothésiste travaille en collaboration avec d’autres professionnels de la santé, tels que les audiologistes et les médecins oto-rhino-laryngologistes (ORL). Il exerce sa profession sous la régulation de l’Ordre des audioprothésistes du Québec, qui veille à la protection du public, notamment en assurant la compétence de ses membres et le respect des lois et règlements encadrant la profession.</p>
<p>[/et_pb_text][/et_pb_column][et_pb_column type= »1_3&Prime; _builder_version= »4.16&Prime; custom_padding= »||| » global_colors_info= »{} » custom_padding__hover= »||| » theme_builder_area= »et_body_layout »][et_pb_code admin_label= »Icone sommet » _builder_version= »4.19.0&Prime; _module_preset= »default » text_orientation= »left » max_width= »500px » text_orientation_tablet= »center » text_orientation_phone= »center » text_orientation_last_edited= »on|tablet » custom_css_main_element= »margin:auto; » global_colors_info= »{} » theme_builder_area= »et_body_layout »]<svg xmlns="http://www.w3.org/2000/svg" width="50%" height="50%" viewBox="0 0 360.25 387.925"><!-- [et_pb_line_break_holder] -->  <rect id="Rectangle_105" data-name="Rectangle 105" width="305.462" height="308.291" rx="152.731" transform="translate(0 55.051)" fill="#eaa04c"/><!-- [et_pb_line_break_holder] -->  <g id="SVGRepo_iconCarrier" transform="translate(100.06 -0.749)"><!-- [et_pb_line_break_holder] -->    <path id="Tracé_29" data-name="Tracé 29" d="M133.382,1.262C70.673,1.262,7.19,48.9,7.19,139.97a9.677,9.677,0,0,0,19.355,0h0c0-82,55.38-119.354,106.838-119.354S240.22,57.971,240.22,139.97c.065,1.574.09,3.419.09,5.277a154.24,154.24,0,0,1-2.658,28.555l.155-.955A135.735,135.735,0,0,1,210.052,230.6l.194-.232c-2.542,3.071-5.368,5.871-8.142,8.645a106.677,106.677,0,0,0-12.516,14.155l-.206.3a215.119,215.119,0,0,0-15.226,26.542l-.581,1.329a136.112,136.112,0,0,0-8.981,20.658L164.3,303a59.749,59.749,0,0,0-2.284,12.993l-.013.194a45.977,45.977,0,0,1-1.535,9.368l.077-.323a66.98,66.98,0,0,1-4.1,10.7l.181-.4a55.292,55.292,0,0,1-12.387,16l-.052.052a71.041,71.041,0,0,1-37.909,16.5l-.335.026a81.212,81.212,0,0,1-10.722.7A83.2,83.2,0,0,1,62.7,362.239l.542.206A59.376,59.376,0,0,1,33.616,335.7l-.155-.31a61.1,61.1,0,0,1-6.142-26.89v-.787a9.677,9.677,0,1,0-19.355,0h0v.748a80.869,80.869,0,0,0,8.413,36.064l-.206-.477a79.02,79.02,0,0,0,38.9,36l.516.194a97.643,97.643,0,0,0,38.9,7.935h.439a106.948,106.948,0,0,0,14.013-.916l-.542.065a89.511,89.511,0,0,0,48.748-21.368l-.116.09a74.472,74.472,0,0,0,16.645-21.368l.194-.413a80.683,80.683,0,0,0,4.981-12.684l.155-.606a58.563,58.563,0,0,0,2.232-12.748l.013-.181a47.748,47.748,0,0,1,1.587-9.639l-.077.335a127.424,127.424,0,0,1,8.452-19.484l-.335.684a201.323,201.323,0,0,1,14.826-26.18l-.464.723A89.821,89.821,0,0,1,215.73,252.7l.052-.039c3.226-3.226,6.452-6.452,9.406-10.026a154.043,154.043,0,0,0,31.367-64.761l.194-1.019a163.281,163.281,0,0,0,2.942-31.29c0-1.974-.039-3.935-.1-5.9l.013.284c0-91.07-63.483-138.708-126.192-138.708Zm2.645,200.307a26.964,26.964,0,0,1-5.781.916h-.065a53.234,53.234,0,0,0-44.812,52.49c0,.387,0,.774.013,1.161v-.064c0,30.193-32.258,30.193-32.258,0a9.677,9.677,0,1,0-19.355,0h0a34.706,34.706,0,0,0-.219,3.987A37.283,37.283,0,0,0,69.176,297.3h.077a37.3,37.3,0,0,0,35.7-37.238,36.849,36.849,0,0,0-.232-4.155l.013.168v-.477a34.475,34.475,0,0,1,29.406-34.1l.194-.026a28.294,28.294,0,0,0,11.2-3.019l-.155.077a26.546,26.546,0,0,0,7.935-7.239l.052-.077a65.377,65.377,0,0,0,2.594-79.16l.142.194A60.543,60.543,0,0,0,77.383,115.7l.3-.155a58.629,58.629,0,0,1,56.167-46.283h.348A55.936,55.936,0,0,1,174.556,86.4l.013.013a74.558,74.558,0,0,1,19.019,49.883c0,1.29-.039,2.555-.09,3.832l.013-.181a9.677,9.677,0,0,0,19.355,0h0a78.32,78.32,0,0,0,.4-8.077A81.993,81.993,0,0,0,134.04,49.919h-.129A82.069,82.069,0,0,0,55,140.293l-.026-.348a9.681,9.681,0,0,0,9.677,9.677h0a9.538,9.538,0,0,0,9.2-7.329l.013-.065c.439-.348,1.058-.271,1.445-.7a42.052,42.052,0,0,1,65.264,2.258l.077.1A46.005,46.005,0,0,1,138,199.453l.065-.077a9.318,9.318,0,0,1-1.987,2.155l-.026.013Z" transform="translate(0)" fill="#003d4c" stroke="#003d4c" stroke-width="1"/><!-- [et_pb_line_break_holder] -->  </g><!-- [et_pb_line_break_holder] --></svg><!-- [et_pb_line_break_holder] -->[/et_pb_code][/et_pb_column][/et_pb_row][/et_pb_section][et_pb_section fb_built= »1&Prime; _builder_version= »4.27.4&Prime; _module_preset= »default » global_colors_info= »{} » theme_builder_area= »et_body_layout »][/et_pb_section]</p>

<p>L’audioprothésiste est un professionnel de la santé auditive qui procède à la vente, à la pose, à l’ajustement et au remplacement de prothèses auditives à condition de détenir un certificat attestant la nécessité émis par un médecin, un audiologiste ou un orthophoniste.   Il accompagne la personne malentendante dans le choix de prothèses auditives adaptées [&hellip;]</p>
