{"id":10515,"date":"2026-03-03T17:31:50","date_gmt":"2026-03-03T22:31:50","guid":{"rendered":"https:\/\/audioprothesistes.org\/staging20260303\/?page_id=10515"},"modified":"2026-03-03T17:37:01","modified_gmt":"2026-03-03T22:37:01","slug":"devenir-audioprothesiste-une-carriere-qui-resonne","status":"publish","type":"page","link":"https:\/\/audioprothesistes.org\/staging20260303\/devenir-membre\/devenir-audioprothesiste-une-carriere-qui-resonne\/","title":{"rendered":"Devenir audioproth\u00e9siste, une carri\u00e8re qui r\u00e9sonne"},"content":{"rendered":"<p>[et_pb_section fb_built=\u00a0\u00bb1&Prime; _builder_version=\u00a0\u00bb4.19.0&Prime; _module_preset=\u00a0\u00bbdefault\u00a0\u00bb global_colors_info=\u00a0\u00bb{}\u00a0\u00bb theme_builder_area=\u00a0\u00bbet_body_layout\u00a0\u00bb][et_pb_row column_structure=\u00a0\u00bb2_3,1_3&Prime; _builder_version=\u00a0\u00bb4.19.0&Prime; _module_preset=\u00a0\u00bb34ebdddb-ba4e-47a4-ad6e-f7a0f2f689bf\u00a0\u00bb global_colors_info=\u00a0\u00bb{}\u00a0\u00bb theme_builder_area=\u00a0\u00bbet_body_layout\u00a0\u00bb][et_pb_column type=\u00a0\u00bb2_3&Prime; _builder_version=\u00a0\u00bb4.19.0&Prime; _module_preset=\u00a0\u00bbdefault\u00a0\u00bb global_colors_info=\u00a0\u00bb{}\u00a0\u00bb theme_builder_area=\u00a0\u00bbet_body_layout\u00a0\u00bb][et_pb_text _builder_version=\u00a0\u00bb4.27.6&Prime; _module_preset=\u00a0\u00bbdefault\u00a0\u00bb hover_enabled=\u00a0\u00bb0&Prime; global_colors_info=\u00a0\u00bb{}\u00a0\u00bb theme_builder_area=\u00a0\u00bbet_body_layout\u00a0\u00bb sticky_enabled=\u00a0\u00bb0&Prime;]<\/p>\n<p>La formation pour devenir audioproth\u00e9siste est une technique coll\u00e9giale \u00e0 temps plein de trois ans, offerte au <a href=\"https:\/\/www.crosemont.qc.ca\/programme\/techniques-daudioprothese\/\">C\u00e9gep de Rosemont<\/a> (Montr\u00e9al) et au <a href=\"https:\/\/www.cegeplapocatiere.qc.ca\/programmes\/audioprothese\/\">C\u00e9gep de La Pocati\u00e8re<\/a> (Bas-Saint-Laurent). Elle vise notamment l\u2019apprentissage du fonctionnement de l\u2019audition, des aspects technologiques des proth\u00e8ses auditives et des comp\u00e9tences li\u00e9es \u00e0 la relation d\u2019aide.<\/p>\n<p>L\u2019audioproth\u00e8se est une profession o\u00f9 l\u2019on peut avoir un impact concret sur la qualit\u00e9 de vie des gens, tout en travaillant avec des appareils \u00e0 la fine pointe de la technologie.<\/p>\n<p>Sur le plan des perspectives, la formation en audioproth\u00e8se a un taux de placement presque garanti et des salaires concurrentiels d\u00e8s l\u2019embauche, ainsi que des possibilit\u00e9s d\u2019avancement et d\u2019entrepreneuriat int\u00e9ressantes.<\/p>\n<p>Consulter le site <strong>Amplifie ta carri\u00e8re<\/strong> pour en savoir plus.<\/p>\n<p>[\/et_pb_text][et_pb_button button_text=\u00a0\u00bbAmplifie ta carri\u00e8re\u00a0\u00bb _builder_version=\u00a0\u00bb4.27.6&Prime; _module_preset=\u00a0\u00bbdefault\u00a0\u00bb theme_builder_area=\u00a0\u00bbet_body_layout\u00a0\u00bb button_url=\u00a0\u00bbhttps:\/\/amplifietacarriere.ca\/\u00a0\u00bb url_new_window=\u00a0\u00bbon\u00a0\u00bb hover_enabled=\u00a0\u00bb0&Prime; sticky_enabled=\u00a0\u00bb0&Prime;][\/et_pb_button][\/et_pb_column][et_pb_column type=\u00a0\u00bb1_3&Prime; _builder_version=\u00a0\u00bb4.19.0&Prime; _module_preset=\u00a0\u00bbdefault\u00a0\u00bb global_colors_info=\u00a0\u00bb{}\u00a0\u00bb theme_builder_area=\u00a0\u00bbet_body_layout\u00a0\u00bb][et_pb_image src=\u00a0\u00bbhttps:\/\/audioprothesistes.org\/staging20260303\/wp-content\/uploads\/2026\/03\/oaq-landing-page-entete-desktop.jpg\u00a0\u00bb _builder_version=\u00a0\u00bb4.27.6&Prime; _module_preset=\u00a0\u00bbdefault\u00a0\u00bb theme_builder_area=\u00a0\u00bbet_body_layout\u00a0\u00bb title_text=\u00a0\u00bboaq-landing-page-entete-desktop\u00a0\u00bb hover_enabled=\u00a0\u00bb0&Prime; sticky_enabled=\u00a0\u00bb0&Prime; url=\u00a0\u00bbhttps:\/\/amplifietacarriere.ca\/\u00a0\u00bb url_new_window=\u00a0\u00bbon\u00a0\u00bb][\/et_pb_image][\/et_pb_column][\/et_pb_row][\/et_pb_section]<\/p>\n","protected":false},"excerpt":{"rendered":"<p>La formation pour devenir audioproth\u00e9siste est une technique coll\u00e9giale \u00e0 temps plein de trois ans, offerte au C\u00e9gep de Rosemont (Montr\u00e9al) et au C\u00e9gep de La Pocati\u00e8re (Bas-Saint-Laurent). Elle vise notamment l\u2019apprentissage du fonctionnement de l\u2019audition, des aspects technologiques des proth\u00e8ses auditives et des comp\u00e9tences li\u00e9es \u00e0 la relation d\u2019aide. L\u2019audioproth\u00e8se est une profession o\u00f9 [&hellip;]<\/p>\n","protected":false},"author":1,"featured_media":5293,"parent":4755,"menu_order":0,"comment_status":"closed","ping_status":"closed","template":"","meta":{"_et_pb_use_builder":"on","_et_pb_old_content":"","_et_gb_content_width":"","footnotes":""},"class_list":["post-10515","page","type-page","status-publish","has-post-thumbnail","hentry"],"acf":[],"_links":{"self":[{"href":"https:\/\/audioprothesistes.org\/staging20260303\/wp-json\/wp\/v2\/pages\/10515","targetHints":{"allow":["GET"]}}],"collection":[{"href":"https:\/\/audioprothesistes.org\/staging20260303\/wp-json\/wp\/v2\/pages"}],"about":[{"href":"https:\/\/audioprothesistes.org\/staging20260303\/wp-json\/wp\/v2\/types\/page"}],"author":[{"embeddable":true,"href":"https:\/\/audioprothesistes.org\/staging20260303\/wp-json\/wp\/v2\/users\/1"}],"replies":[{"embeddable":true,"href":"https:\/\/audioprothesistes.org\/staging20260303\/wp-json\/wp\/v2\/comments?post=10515"}],"version-history":[{"count":3,"href":"https:\/\/audioprothesistes.org\/staging20260303\/wp-json\/wp\/v2\/pages\/10515\/revisions"}],"predecessor-version":[{"id":10522,"href":"https:\/\/audioprothesistes.org\/staging20260303\/wp-json\/wp\/v2\/pages\/10515\/revisions\/10522"}],"up":[{"embeddable":true,"href":"https:\/\/audioprothesistes.org\/staging20260303\/wp-json\/wp\/v2\/pages\/4755"}],"wp:featuredmedia":[{"embeddable":true,"href":"https:\/\/audioprothesistes.org\/staging20260303\/wp-json\/wp\/v2\/media\/5293"}],"wp:attachment":[{"href":"https:\/\/audioprothesistes.org\/staging20260303\/wp-json\/wp\/v2\/media?parent=10515"}],"curies":[{"name":"wp","href":"https:\/\/api.w.org\/{rel}","templated":true}]}}

Devenir audioprothésiste, une carrière qui résonne

<p>[et_pb_section fb_built= »1&Prime; _builder_version= »4.19.0&Prime; _module_preset= »default » global_colors_info= »{} » theme_builder_area= »et_body_layout »][et_pb_row column_structure= »2_3,1_3&Prime; _builder_version= »4.19.0&Prime; _module_preset= »34ebdddb-ba4e-47a4-ad6e-f7a0f2f689bf » global_colors_info= »{} » theme_builder_area= »et_body_layout »][et_pb_column type= »2_3&Prime; _builder_version= »4.19.0&Prime; _module_preset= »default » global_colors_info= »{} » theme_builder_area= »et_body_layout »][et_pb_text _builder_version= »4.27.6&Prime; _module_preset= »default » hover_enabled= »0&Prime; global_colors_info= »{} » theme_builder_area= »et_body_layout » sticky_enabled= »0&Prime;]</p>
<p>La formation pour devenir audioprothésiste est une technique collégiale à temps plein de trois ans, offerte au <a href="https://www.crosemont.qc.ca/programme/techniques-daudioprothese/">Cégep de Rosemont</a> (Montréal) et au <a href="https://www.cegeplapocatiere.qc.ca/programmes/audioprothese/">Cégep de La Pocatière</a> (Bas-Saint-Laurent). Elle vise notamment l’apprentissage du fonctionnement de l’audition, des aspects technologiques des prothèses auditives et des compétences liées à la relation d’aide.</p>
<p>L’audioprothèse est une profession où l’on peut avoir un impact concret sur la qualité de vie des gens, tout en travaillant avec des appareils à la fine pointe de la technologie.</p>
<p>Sur le plan des perspectives, la formation en audioprothèse a un taux de placement presque garanti et des salaires concurrentiels dès l’embauche, ainsi que des possibilités d’avancement et d’entrepreneuriat intéressantes.</p>
<p>Consulter le site <strong>Amplifie ta carrière</strong> pour en savoir plus.</p>
<p>[/et_pb_text][et_pb_button button_text= »Amplifie ta carrière » _builder_version= »4.27.6&Prime; _module_preset= »default » theme_builder_area= »et_body_layout » button_url= »https://amplifietacarriere.ca/ » url_new_window= »on » hover_enabled= »0&Prime; sticky_enabled= »0&Prime;][/et_pb_button][/et_pb_column][et_pb_column type= »1_3&Prime; _builder_version= »4.19.0&Prime; _module_preset= »default » global_colors_info= »{} » theme_builder_area= »et_body_layout »][et_pb_image src= »https://audioprothesistes.org/staging20260303/wp-content/uploads/2026/03/oaq-landing-page-entete-desktop.jpg » _builder_version= »4.27.6&Prime; _module_preset= »default » theme_builder_area= »et_body_layout » title_text= »oaq-landing-page-entete-desktop » hover_enabled= »0&Prime; sticky_enabled= »0&Prime; url= »https://amplifietacarriere.ca/ » url_new_window= »on »][/et_pb_image][/et_pb_column][/et_pb_row][/et_pb_section]</p>

<p>La formation pour devenir audioprothésiste est une technique collégiale à temps plein de trois ans, offerte au Cégep de Rosemont (Montréal) et au Cégep de La Pocatière (Bas-Saint-Laurent). Elle vise notamment l’apprentissage du fonctionnement de l’audition, des aspects technologiques des prothèses auditives et des compétences liées à la relation d’aide. L’audioprothèse est une profession où [&hellip;]</p>
