{"id":1682,"date":"2023-03-21T01:44:40","date_gmt":"2023-03-21T01:44:40","guid":{"rendered":"https:\/\/dev2.eklore.ca\/oaq\/?page_id=1682"},"modified":"2026-03-03T17:13:35","modified_gmt":"2026-03-03T22:13:35","slug":"conseil-discipline","status":"publish","type":"page","link":"https:\/\/audioprothesistes.org\/staging20260303\/public\/protection-du-public\/conseil-discipline\/","title":{"rendered":"Conseil de discipline"},"content":{"rendered":"<p>[et_pb_section fb_built=\u00a0\u00bb1&Prime; module_id=\u00a0\u00bbrole-audience\u00a0\u00bb _builder_version=\u00a0\u00bb4.19.0&Prime; global_colors_info=\u00a0\u00bb{}\u00a0\u00bb theme_builder_area=\u00a0\u00bbpost_content\u00a0\u00bb][et_pb_row column_structure=\u00a0\u00bb2_3,1_3&Prime; make_equal=\u00a0\u00bbon\u00a0\u00bb _builder_version=\u00a0\u00bb4.27.4&Prime; _module_preset=\u00a0\u00bb34ebdddb-ba4e-47a4-ad6e-f7a0f2f689bf\u00a0\u00bb custom_padding=\u00a0\u00bb|75px|27px|75px|false|true\u00a0\u00bb custom_css_main_element=\u00a0\u00bbalign-items:center;\u00a0\u00bb global_colors_info=\u00a0\u00bb{}\u00a0\u00bb theme_builder_area=\u00a0\u00bbpost_content\u00a0\u00bb][et_pb_column type=\u00a0\u00bb2_3&Prime; _builder_version=\u00a0\u00bb4.16&Prime; custom_padding=\u00a0\u00bb|||\u00a0\u00bb global_colors_info=\u00a0\u00bb{}\u00a0\u00bb custom_padding__hover=\u00a0\u00bb|||\u00a0\u00bb theme_builder_area=\u00a0\u00bbpost_content\u00a0\u00bb][et_pb_text _builder_version=\u00a0\u00bb4.21.0&Prime; background_size=\u00a0\u00bbinitial\u00a0\u00bb background_position=\u00a0\u00bbtop_left\u00a0\u00bb background_repeat=\u00a0\u00bbrepeat\u00a0\u00bb global_colors_info=\u00a0\u00bb{}\u00a0\u00bb theme_builder_area=\u00a0\u00bbpost_content\u00a0\u00bb]<\/p>\n<h2>R\u00f4le d&rsquo;audience du Conseil de discipline<\/h2>\n<p>Les audiences et les d\u00e9cisions rendues par le Conseil de discipline sont publiques \u00e0 moins d\u2019une ordonnance contraire. Le r\u00f4le d\u2019audience indique le lieu, la date et l\u2019heure de l\u2019audience, le nom des parties concern\u00e9es et un r\u00e9sum\u00e9 de la plainte.<\/p>\n<p><span><span class=\"ui-provider gl b c d e f g h i j k l m n o p q r s t u v w x y z ab ac ae af ag ah ai aj ak\" dir=\"ltr\">Le r\u00f4le d&rsquo;audience du Conseil de discipline est accessible au public via cette page et doit y \u00eatre affich\u00e9 par le secr\u00e9taire du Conseil de discipline au moins 10 jours avant la date fix\u00e9e pour la tenue de l\u2019audience.<\/span><\/span><\/p>\n<p>[\/et_pb_text][et_pb_code _builder_version=\u00a0\u00bb4.27.4&Prime; _module_preset=\u00a0\u00bbdefault\u00a0\u00bb custom_padding=\u00a0\u00bb10px|||||\u00a0\u00bb global_colors_info=\u00a0\u00bb{}\u00a0\u00bb theme_builder_area=\u00a0\u00bbpost_content\u00a0\u00bb]<p class=\"role-audience\">Aucune audience \u00e0 l\u2019horaire pour le moment.<\/p>[\/et_pb_code][\/et_pb_column][et_pb_column type=\u00a0\u00bb1_3&Prime; _builder_version=\u00a0\u00bb4.16&Prime; custom_padding=\u00a0\u00bb|||\u00a0\u00bb global_colors_info=\u00a0\u00bb{}\u00a0\u00bb custom_padding__hover=\u00a0\u00bb|||\u00a0\u00bb theme_builder_area=\u00a0\u00bbpost_content\u00a0\u00bb][et_pb_button button_url=\u00a0\u00bbhttp:\/\/citoyens.soquij.qc.ca\/\u00a0\u00bb url_new_window=\u00a0\u00bbon\u00a0\u00bb button_text=\u00a0\u00bbVoir les d\u00e9cisions et jugements\u00a0\u00bb button_alignment=\u00a0\u00bbcenter\u00a0\u00bb _builder_version=\u00a0\u00bb4.21.0&Prime; _module_preset=\u00a0\u00bbdefault\u00a0\u00bb global_colors_info=\u00a0\u00bb{}\u00a0\u00bb theme_builder_area=\u00a0\u00bbpost_content\u00a0\u00bb][\/et_pb_button][\/et_pb_column][\/et_pb_row][\/et_pb_section]<\/p>\n","protected":false},"excerpt":{"rendered":"<p>R\u00f4le d&rsquo;audience du Conseil de discipline Les audiences et les d\u00e9cisions rendues par le Conseil de discipline sont publiques \u00e0 moins d\u2019une ordonnance contraire. Le r\u00f4le d\u2019audience indique le lieu, la date et l\u2019heure de l\u2019audience, le nom des parties concern\u00e9es et un r\u00e9sum\u00e9 de la plainte. Le r\u00f4le d&rsquo;audience du Conseil de discipline est [&hellip;]<\/p>\n","protected":false},"author":1,"featured_media":5293,"parent":10421,"menu_order":4,"comment_status":"closed","ping_status":"closed","template":"","meta":{"_et_pb_use_builder":"on","_et_pb_old_content":"<p>Ci-dessous, vous pouvez consulter les d\u00e9cisions disciplinaires rendues depuis 2008. Elles sont \u00e9galement accessibles sur le site de\u00a0<a href=\"http:\/\/citoyens.soquij.qc.ca\/\" target=\"_blank\" rel=\"noopener noreferrer\">SOQUIJ<\/a> ou sur le site de <a class=\"remarkup-link\" href=\"https:\/\/www.canlii.org\/fr\/qc\/qcoapq\/\" target=\"_blank\" rel=\"noopener noreferrer\">CanLII<\/a>.<\/p>","_et_gb_content_width":"","footnotes":""},"class_list":["post-1682","page","type-page","status-publish","has-post-thumbnail","hentry"],"acf":[],"_links":{"self":[{"href":"https:\/\/audioprothesistes.org\/staging20260303\/wp-json\/wp\/v2\/pages\/1682","targetHints":{"allow":["GET"]}}],"collection":[{"href":"https:\/\/audioprothesistes.org\/staging20260303\/wp-json\/wp\/v2\/pages"}],"about":[{"href":"https:\/\/audioprothesistes.org\/staging20260303\/wp-json\/wp\/v2\/types\/page"}],"author":[{"embeddable":true,"href":"https:\/\/audioprothesistes.org\/staging20260303\/wp-json\/wp\/v2\/users\/1"}],"replies":[{"embeddable":true,"href":"https:\/\/audioprothesistes.org\/staging20260303\/wp-json\/wp\/v2\/comments?post=1682"}],"version-history":[{"count":40,"href":"https:\/\/audioprothesistes.org\/staging20260303\/wp-json\/wp\/v2\/pages\/1682\/revisions"}],"predecessor-version":[{"id":10504,"href":"https:\/\/audioprothesistes.org\/staging20260303\/wp-json\/wp\/v2\/pages\/1682\/revisions\/10504"}],"up":[{"embeddable":true,"href":"https:\/\/audioprothesistes.org\/staging20260303\/wp-json\/wp\/v2\/pages\/10421"}],"wp:featuredmedia":[{"embeddable":true,"href":"https:\/\/audioprothesistes.org\/staging20260303\/wp-json\/wp\/v2\/media\/5293"}],"wp:attachment":[{"href":"https:\/\/audioprothesistes.org\/staging20260303\/wp-json\/wp\/v2\/media?parent=1682"}],"curies":[{"name":"wp","href":"https:\/\/api.w.org\/{rel}","templated":true}]}}

<p>[et_pb_section fb_built= »1&Prime; module_id= »role-audience » _builder_version= »4.19.0&Prime; global_colors_info= »{} » theme_builder_area= »post_content »][et_pb_row column_structure= »2_3,1_3&Prime; make_equal= »on » _builder_version= »4.27.4&Prime; _module_preset= »34ebdddb-ba4e-47a4-ad6e-f7a0f2f689bf » custom_padding= »|75px|27px|75px|false|true » custom_css_main_element= »align-items:center; » global_colors_info= »{} » theme_builder_area= »post_content »][et_pb_column type= »2_3&Prime; _builder_version= »4.16&Prime; custom_padding= »||| » global_colors_info= »{} » custom_padding__hover= »||| » theme_builder_area= »post_content »][et_pb_text _builder_version= »4.21.0&Prime; background_size= »initial » background_position= »top_left » background_repeat= »repeat » global_colors_info= »{} » theme_builder_area= »post_content »]</p>
<h2>Rôle d&rsquo;audience du Conseil de discipline</h2>
<p>Les audiences et les décisions rendues par le Conseil de discipline sont publiques à moins d’une ordonnance contraire. Le rôle d’audience indique le lieu, la date et l’heure de l’audience, le nom des parties concernées et un résumé de la plainte.</p>
<p><span><span class="ui-provider gl b c d e f g h i j k l m n o p q r s t u v w x y z ab ac ae af ag ah ai aj ak" dir="ltr">Le rôle d&rsquo;audience du Conseil de discipline est accessible au public via cette page et doit y être affiché par le secrétaire du Conseil de discipline au moins 10 jours avant la date fixée pour la tenue de l’audience.</span></span></p>
<p>[/et_pb_text][et_pb_code _builder_version= »4.27.4&Prime; _module_preset= »default » custom_padding= »10px||||| » global_colors_info= »{} » theme_builder_area= »post_content »]<p class="role-audience">Aucune audience à l’horaire pour le moment.</p>[/et_pb_code][/et_pb_column][et_pb_column type= »1_3&Prime; _builder_version= »4.16&Prime; custom_padding= »||| » global_colors_info= »{} » custom_padding__hover= »||| » theme_builder_area= »post_content »][et_pb_button button_url= »http://citoyens.soquij.qc.ca/ » url_new_window= »on » button_text= »Voir les décisions et jugements » button_alignment= »center » _builder_version= »4.21.0&Prime; _module_preset= »default » global_colors_info= »{} » theme_builder_area= »post_content »][/et_pb_button][/et_pb_column][/et_pb_row][/et_pb_section]</p>

<p>Rôle d&rsquo;audience du Conseil de discipline Les audiences et les décisions rendues par le Conseil de discipline sont publiques à moins d’une ordonnance contraire. Le rôle d’audience indique le lieu, la date et l’heure de l’audience, le nom des parties concernées et un résumé de la plainte. Le rôle d&rsquo;audience du Conseil de discipline est [&hellip;]</p>

<p>Ci-dessous, vous pouvez consulter les décisions disciplinaires rendues depuis 2008. Elles sont également accessibles sur le site de <a href="http://citoyens.soquij.qc.ca/" target="_blank" rel="noopener noreferrer">SOQUIJ</a> ou sur le site de <a class="remarkup-link" href="https://www.canlii.org/fr/qc/qcoapq/" target="_blank" rel="noopener noreferrer">CanLII</a>.</p>
