{"id":4806,"date":"2023-03-31T15:10:35","date_gmt":"2023-03-31T19:10:35","guid":{"rendered":"https:\/\/dev2.eklore.ca\/oaq\/?page_id=4806"},"modified":"2026-02-25T15:49:11","modified_gmt":"2026-02-25T20:49:11","slug":"cotisation","status":"publish","type":"page","link":"https:\/\/audioprothesistes.org\/staging20260303\/membres\/cotisation\/","title":{"rendered":"Cotisation, grille tarifaire et assurance"},"content":{"rendered":"<p>[et_pb_section fb_built=\u00a0\u00bb1&Prime; _builder_version=\u00a0\u00bb4.19.0&Prime; _module_preset=\u00a0\u00bbdefault\u00a0\u00bb global_colors_info=\u00a0\u00bb{}\u00a0\u00bb][et_pb_row column_structure=\u00a0\u00bb2_3,1_3&Prime; _builder_version=\u00a0\u00bb4.19.0&Prime; _module_preset=\u00a0\u00bb34ebdddb-ba4e-47a4-ad6e-f7a0f2f689bf\u00a0\u00bb global_colors_info=\u00a0\u00bb{}\u00a0\u00bb][et_pb_column type=\u00a0\u00bb2_3&Prime; _builder_version=\u00a0\u00bb4.19.0&Prime; _module_preset=\u00a0\u00bbdefault\u00a0\u00bb global_colors_info=\u00a0\u00bb{}\u00a0\u00bb][et_pb_text _builder_version=\u00a0\u00bb4.27.0&Prime; _module_preset=\u00a0\u00bbdefault\u00a0\u00bb global_colors_info=\u00a0\u00bb{}\u00a0\u00bb]<\/p>\n<p>Pour exercer la profession d\u2019audioproth\u00e9siste, le membre doit \u00eatre inscrit au Tableau de l\u2019Ordre. L\u2019inscription au Tableau de l\u2019Ordre est le processus par lequel le membre communique ses renseignements personnels et professionnels.<\/p>\n<p>Pour confirmer son droit d\u2019exercer la profession entre le 1<sup>er<\/sup> avril et le 31 mars, le membre doit, entre le <strong>15 f\u00e9vrier et le 15 mars <\/strong> \u00a0:<\/p>\n<ul>\n<li>Remplir le formulaire de renouvellement sur le Portail de l\u2019Ordre<\/li>\n<li>Proc\u00e9der au paiement de la cotisation annuelle<\/li>\n<li>Effectuer le paiement de l\u2019assurance responsabilit\u00e9 professionnelle<\/li>\n<li>Signer l\u2019attestation de v\u00e9racit\u00e9<\/li>\n<\/ul>\n<p>[\/et_pb_text][\/et_pb_column][et_pb_column type=\u00a0\u00bb1_3&Prime; _builder_version=\u00a0\u00bb4.19.0&Prime; _module_preset=\u00a0\u00bbdefault\u00a0\u00bb global_colors_info=\u00a0\u00bb{}\u00a0\u00bb][et_pb_code admin_label=\u00a0\u00bbIcone oreille\u00a0\u00bb _builder_version=\u00a0\u00bb4.19.0&Prime; _module_preset=\u00a0\u00bbdefault\u00a0\u00bb text_orientation=\u00a0\u00bbcenter\u00a0\u00bb max_width=\u00a0\u00bb550px\u00a0\u00bb module_alignment=\u00a0\u00bbcenter\u00a0\u00bb text_orientation_tablet=\u00a0\u00bbcenter\u00a0\u00bb text_orientation_phone=\u00a0\u00bbcenter\u00a0\u00bb text_orientation_last_edited=\u00a0\u00bbon|tablet\u00a0\u00bb custom_css_main_element=\u00a0\u00bbmargin:auto;\u00a0\u00bb global_colors_info=\u00a0\u00bb{}\u00a0\u00bb]<svg xmlns=\"http:\/\/www.w3.org\/2000\/svg\" width=\"50%\" height=\"50%\" viewBox=\"0 0 360.25 387.925\"><!-- [et_pb_line_break_holder] -->  <rect id=\"Rectangle_105\" data-name=\"Rectangle 105\" width=\"305.462\" height=\"308.291\" rx=\"152.731\" transform=\"translate(0 55.051)\" fill=\"#eaa04c\"\/><!-- [et_pb_line_break_holder] -->  <g id=\"SVGRepo_iconCarrier\" transform=\"translate(100.06 -0.749)\"><!-- [et_pb_line_break_holder] -->    <path id=\"Trac\u00e9_29\" data-name=\"Trac\u00e9 29\" d=\"M133.382,1.262C70.673,1.262,7.19,48.9,7.19,139.97a9.677,9.677,0,0,0,19.355,0h0c0-82,55.38-119.354,106.838-119.354S240.22,57.971,240.22,139.97c.065,1.574.09,3.419.09,5.277a154.24,154.24,0,0,1-2.658,28.555l.155-.955A135.735,135.735,0,0,1,210.052,230.6l.194-.232c-2.542,3.071-5.368,5.871-8.142,8.645a106.677,106.677,0,0,0-12.516,14.155l-.206.3a215.119,215.119,0,0,0-15.226,26.542l-.581,1.329a136.112,136.112,0,0,0-8.981,20.658L164.3,303a59.749,59.749,0,0,0-2.284,12.993l-.013.194a45.977,45.977,0,0,1-1.535,9.368l.077-.323a66.98,66.98,0,0,1-4.1,10.7l.181-.4a55.292,55.292,0,0,1-12.387,16l-.052.052a71.041,71.041,0,0,1-37.909,16.5l-.335.026a81.212,81.212,0,0,1-10.722.7A83.2,83.2,0,0,1,62.7,362.239l.542.206A59.376,59.376,0,0,1,33.616,335.7l-.155-.31a61.1,61.1,0,0,1-6.142-26.89v-.787a9.677,9.677,0,1,0-19.355,0h0v.748a80.869,80.869,0,0,0,8.413,36.064l-.206-.477a79.02,79.02,0,0,0,38.9,36l.516.194a97.643,97.643,0,0,0,38.9,7.935h.439a106.948,106.948,0,0,0,14.013-.916l-.542.065a89.511,89.511,0,0,0,48.748-21.368l-.116.09a74.472,74.472,0,0,0,16.645-21.368l.194-.413a80.683,80.683,0,0,0,4.981-12.684l.155-.606a58.563,58.563,0,0,0,2.232-12.748l.013-.181a47.748,47.748,0,0,1,1.587-9.639l-.077.335a127.424,127.424,0,0,1,8.452-19.484l-.335.684a201.323,201.323,0,0,1,14.826-26.18l-.464.723A89.821,89.821,0,0,1,215.73,252.7l.052-.039c3.226-3.226,6.452-6.452,9.406-10.026a154.043,154.043,0,0,0,31.367-64.761l.194-1.019a163.281,163.281,0,0,0,2.942-31.29c0-1.974-.039-3.935-.1-5.9l.013.284c0-91.07-63.483-138.708-126.192-138.708Zm2.645,200.307a26.964,26.964,0,0,1-5.781.916h-.065a53.234,53.234,0,0,0-44.812,52.49c0,.387,0,.774.013,1.161v-.064c0,30.193-32.258,30.193-32.258,0a9.677,9.677,0,1,0-19.355,0h0a34.706,34.706,0,0,0-.219,3.987A37.283,37.283,0,0,0,69.176,297.3h.077a37.3,37.3,0,0,0,35.7-37.238,36.849,36.849,0,0,0-.232-4.155l.013.168v-.477a34.475,34.475,0,0,1,29.406-34.1l.194-.026a28.294,28.294,0,0,0,11.2-3.019l-.155.077a26.546,26.546,0,0,0,7.935-7.239l.052-.077a65.377,65.377,0,0,0,2.594-79.16l.142.194A60.543,60.543,0,0,0,77.383,115.7l.3-.155a58.629,58.629,0,0,1,56.167-46.283h.348A55.936,55.936,0,0,1,174.556,86.4l.013.013a74.558,74.558,0,0,1,19.019,49.883c0,1.29-.039,2.555-.09,3.832l.013-.181a9.677,9.677,0,0,0,19.355,0h0a78.32,78.32,0,0,0,.4-8.077A81.993,81.993,0,0,0,134.04,49.919h-.129A82.069,82.069,0,0,0,55,140.293l-.026-.348a9.681,9.681,0,0,0,9.677,9.677h0a9.538,9.538,0,0,0,9.2-7.329l.013-.065c.439-.348,1.058-.271,1.445-.7a42.052,42.052,0,0,1,65.264,2.258l.077.1A46.005,46.005,0,0,1,138,199.453l.065-.077a9.318,9.318,0,0,1-1.987,2.155l-.026.013Z\" transform=\"translate(0)\" fill=\"#003d4c\" stroke=\"#003d4c\" stroke-width=\"1\"\/><!-- [et_pb_line_break_holder] -->  <\/g><!-- [et_pb_line_break_holder] --><\/svg><!-- [et_pb_line_break_holder] -->[\/et_pb_code][\/et_pb_column][\/et_pb_row][et_pb_row _builder_version=\u00a0\u00bb4.27.0&Prime; _module_preset=\u00a0\u00bbdefault\u00a0\u00bb global_colors_info=\u00a0\u00bb{}\u00a0\u00bb][et_pb_column type=\u00a0\u00bb4_4&Prime; _builder_version=\u00a0\u00bb4.27.0&Prime; _module_preset=\u00a0\u00bbdefault\u00a0\u00bb global_colors_info=\u00a0\u00bb{}\u00a0\u00bb][et_pb_text _builder_version=\u00a0\u00bb4.27.4&Prime; _module_preset=\u00a0\u00bbdefault\u00a0\u00bb text_text_color=\u00a0\u00bb#EAA04C\u00a0\u00bb hover_enabled=\u00a0\u00bb0&Prime; box_shadow_style=\u00a0\u00bbpreset1&Prime; global_colors_info=\u00a0\u00bb{}\u00a0\u00bb sticky_enabled=\u00a0\u00bb0&Prime;]<\/p>\n<h2 style=\"line-height: 17.25pt; text-align: center;\"><b><span style=\"font-size: 10.5pt; font-family: 'Open Sans', sans-serif;\">IMPORTANT<\/span><\/b><\/h2>\n<h4 style=\"line-height: 17.25pt; text-align: center;\"><b><span style=\"font-size: 10.5pt; font-family: 'Open Sans', sans-serif;\"><strong><span style=\"font-family: 'Open Sans',sans-serif;\">Le renouvellement et le paiement de la cotisation par l\u2019employeur ne sont plus accept\u00e9s. <\/span><\/strong><\/span><\/b><\/h4>\n<h4 style=\"line-height: 17.25pt; text-align: center;\"><b><span style=\"font-size: 10.5pt; font-family: 'Open Sans', sans-serif;\"><strong><span style=\"font-family: 'Open Sans',sans-serif;\"><u>Chaque audioproth\u00e9siste a donc l\u2019obligation d\u2019effectuer lui-m\u00eame le renouvellement et le paiement de sa cotisation<\/u> dans le d\u00e9lai prescrit.\u00a0<\/span><\/strong><\/span><\/b><\/h4>\n<p>[\/et_pb_text][\/et_pb_column][\/et_pb_row][\/et_pb_section][et_pb_section fb_built=\u00a0\u00bb1&Prime; _builder_version=\u00a0\u00bb4.27.4&Prime; _module_preset=\u00a0\u00bbdefault\u00a0\u00bb global_colors_info=\u00a0\u00bb{}\u00a0\u00bb][et_pb_row _builder_version=\u00a0\u00bb4.27.4&Prime; _module_preset=\u00a0\u00bbdefault\u00a0\u00bb custom_padding=\u00a0\u00bb50px|||||\u00a0\u00bb global_colors_info=\u00a0\u00bb{}\u00a0\u00bb][et_pb_column type=\u00a0\u00bb4_4&Prime; _builder_version=\u00a0\u00bb4.27.4&Prime; _module_preset=\u00a0\u00bbdefault\u00a0\u00bb global_colors_info=\u00a0\u00bb{}\u00a0\u00bb][et_pb_text _builder_version=\u00a0\u00bb4.27.4&Prime; _module_preset=\u00a0\u00bbdefault\u00a0\u00bb global_colors_info=\u00a0\u00bb{}\u00a0\u00bb]<\/p>\n<h3>Grille tarifaire<\/h3>\n<p>Veuillez noter qu\u2019\u00e0 compter de ce jour, la grille tarifaire des services offerts aux membres de l\u2019Ordre des audioproth\u00e9sistes a \u00e9t\u00e9 actualis\u00e9e. Cette nouvelle grille regroupe les tarifs existants, ajuste certains montants et introduit de nouveaux tarifs pour certains services.<\/p>\n<p>Les tarifs refl\u00e9teront d\u00e9sormais le co\u00fbt r\u00e9el, pour notre organisation, de certains services offerts aux membres. Cette mise \u00e0 jour permettra \u00e9galement d\u2019assurer une gestion plus efficace des cotisations vers\u00e9es par l\u2019ensemble de nos membres.<\/p>\n<p>&nbsp;<\/p>\n<h4 style=\"text-align: center;\"><strong>Grille tarifaire 2026-2027<\/strong><span style=\"font-size: 14px; text-align: left; font-weight: 500;\">\u00a0<\/span><\/h4>\n<p style=\"text-align: center;\">Les prix incluent les taxes<\/p>\n<p>[\/et_pb_text][et_pb_text _builder_version=\u00a0\u00bb4.27.4&Prime; _module_preset=\u00a0\u00bbdefault\u00a0\u00bb global_colors_info=\u00a0\u00bb{}\u00a0\u00bb]<\/p>\n<table style=\"border-collapse: collapse; width: 76.5376%; height: 704px;\" border=\"1\">\n<tbody>\n<tr style=\"height: 23px;\">\n<td style=\"width: 52.4368%; height: 23px; text-align: left;\"><strong>Cotisation membre nouvellement dipl\u00f4m\u00e9<br \/><\/strong><\/td>\n<td style=\"width: 26.2041%; height: 23px; text-align: right;\"><strong>\u00a01 448,69 $<\/strong><\/td>\n<\/tr>\n<tr style=\"height: 23px;\">\n<td style=\"width: 52.4368%; height: 23px;\"><strong>Cotisation r\u00e9guli\u00e8re<\/strong><\/td>\n<td style=\"width: 26.2041%; height: 23px; text-align: right;\"><strong><span style=\"text-align: start;\">\u00a02 896,22 $<\/span><\/strong><\/td>\n<\/tr>\n<tr style=\"height: 23px;\">\n<td style=\"width: 52.4368%; height: 23px;\"><strong>R\u00e9inscription au Tableau de l\u2019Ordre<\/strong><\/td>\n<td style=\"width: 26.2041%; height: 23px; text-align: right;\">\u00a0<\/td>\n<\/tr>\n<tr style=\"height: 23px;\">\n<td style=\"width: 52.4368%; height: 23px;\">\n<ul>\n<li>\u00c9valuation du dossier apr\u00e8s plus de 5 ans d&rsquo;abandon<\/li>\n<\/ul>\n<\/td>\n<td style=\"width: 26.2041%; height: 23px; text-align: right;\">344,93 $<\/td>\n<\/tr>\n<tr style=\"height: 23px;\">\n<td style=\"width: 52.4368%; height: 23px;\">\n<ul>\n<li>Apr\u00e8s radiation disciplinaire, radiation pour non paiement ou abandon<\/li>\n<\/ul>\n<\/td>\n<td style=\"width: 26.2041%; height: 23px; text-align: right;\">172,46$<\/td>\n<\/tr>\n<tr style=\"height: 23px;\">\n<td style=\"width: 52.4368%; height: 23px;\"><strong>Cotisation non conforme (dossier)<\/strong><\/td>\n<td style=\"width: 26.2041%; height: 23px; text-align: right;\"><strong>57,49 $<\/strong><\/td>\n<\/tr>\n<tr style=\"height: 23px;\">\n<td style=\"width: 52.4368%; height: 23px;\"><strong>Paiement de la cotisation en trois versements<\/strong><\/td>\n<td style=\"width: 26.2041%; height: 23px; text-align: right;\"><strong>289,63 $<\/strong><\/td>\n<\/tr>\n<tr style=\"height: 23px;\">\n<td style=\"width: 52.4368%; height: 23px;\"><strong>Retard de paiement de cotisation<\/strong><\/td>\n<td style=\"width: 26.2041%; height: 23px; text-align: right;\"><strong>57,49 $<\/strong><\/td>\n<\/tr>\n<tr style=\"height: 23px;\">\n<td style=\"width: 52.4368%; height: 23px;\"><strong>Lettre de confirmation de statut \u00e0 l\u2019Ordre<\/strong><\/td>\n<td style=\"width: 26.2041%; height: 23px; text-align: right;\"><strong>57,49 $<\/strong><\/td>\n<\/tr>\n<tr style=\"height: 23px;\">\n<td style=\"width: 52.4368%; height: 23px;\"><strong>Duplicata de permis<\/strong><\/td>\n<td style=\"width: 26.2041%; height: 23px; text-align: right;\"><strong>57,49 $<\/strong><\/td>\n<\/tr>\n<tr style=\"height: 23px;\">\n<td style=\"width: 52.4368%; height: 23px;\"><strong>Dossier de formation continue non conforme<\/strong><\/td>\n<td style=\"width: 26.2041%; height: 23px; text-align: right;\"><strong>114,98 $<\/strong><\/td>\n<\/tr>\n<tr style=\"height: 23px;\">\n<td style=\"width: 52.4368%; height: 23px;\"><strong>Demandes d\u2019\u00e9quivalence<\/strong><\/td>\n<td style=\"width: 26.2041%; height: 23px; text-align: right;\"><strong>1 000,74 $<\/strong><\/td>\n<\/tr>\n<tr style=\"height: 23px;\">\n<td style=\"width: 52.4368%; height: 23px;\"><strong>Frais de poste<\/strong><\/td>\n<td style=\"width: 26.2041%; height: 23px; text-align: right;\"><strong>\u00a011,77 $<\/strong><\/td>\n<\/tr>\n<tr style=\"height: 23px;\">\n<td style=\"width: 52.4368%; height: 23px;\"><strong>Exercice en soci\u00e9t\u00e9<\/strong><\/td>\n<td style=\"width: 26.2041%; height: 23px; text-align: right;\">\u00a0<\/td>\n<\/tr>\n<tr style=\"height: 23px;\">\n<td style=\"width: 52.4368%; height: 23px;\">\n<ul>\n<li>D\u00e9claration initiale de l&rsquo;exercice de la profession d&rsquo;un audioproth\u00e9siste en soci\u00e9t\u00e9<\/li>\n<\/ul>\n<\/td>\n<td style=\"width: 26.2041%; height: 23px; text-align: right;\">402,41 $<\/td>\n<\/tr>\n<tr style=\"height: 47px;\">\n<td style=\"width: 52.4368%; height: 47px;\">\n<ul>\n<li>D\u00e9claration annuelle de renouvellement de l&rsquo;exercice de profession d&rsquo;un audioproth\u00e9siste en soci\u00e9t\u00e9<\/li>\n<\/ul>\n<\/td>\n<td style=\"width: 26.2041%; height: 47px; text-align: right;\">147,17 $<\/td>\n<\/tr>\n<tr style=\"height: 47px;\">\n<td style=\"width: 52.4368%; height: 47px;\">\n<ul>\n<li>Modification de d\u00e9claration de l&rsquo;exercice de la profession d&rsquo;un audioproth\u00e9siste en soci\u00e9t\u00e9<\/li>\n<\/ul>\n<\/td>\n<td style=\"width: 26.2041%; height: 47px; text-align: right;\">57,49 $<\/td>\n<\/tr>\n<tr>\n<td style=\"width: 52.4368%;\">\n<ul>\n<li>Frais de retard d\u00e9claration exercice en soci\u00e9t\u00e9<\/li>\n<\/ul>\n<\/td>\n<td style=\"width: 26.2041%; text-align: right;\">57,49 $<\/td>\n<\/tr>\n<tr style=\"height: 23px;\">\n<td style=\"width: 52.4368%; height: 23px;\"><strong>Archivage &#8211; Cession de dossiers<\/strong><\/td>\n<td style=\"width: 26.2041%; height: 23px; text-align: right;\">\u00a0<\/td>\n<\/tr>\n<tr style=\"height: 23px;\">\n<td style=\"width: 52.4368%; height: 23px; background-color: #00aeef;\"><strong>Gestion et entreposage dossiers patients num\u00e9riques<\/strong><\/td>\n<td style=\"width: 26.2041%; height: 23px; text-align: right; background-color: #00aeef;\">\u00a0<\/td>\n<\/tr>\n<tr style=\"height: 23px;\">\n<td style=\"width: 52.4368%; height: 25px;\">\n<ul>\n<li>Ouverture<\/li>\n<\/ul>\n<\/td>\n<td style=\"width: 26.2041%; height: 25px; text-align: right;\">1 375 $<\/td>\n<\/tr>\n<tr style=\"height: 23px;\">\n<td style=\"width: 52.4368%; height: 23px;\">\n<ul>\n<li>Transfert des donn\u00e9es<\/li>\n<\/ul>\n<\/td>\n<td style=\"width: 26.2041%; height: 23px; text-align: right;\">entre 500 $ et 2 000 $ selon le logiciel utilis\u00e9<\/td>\n<\/tr>\n<tr style=\"height: 23px;\">\n<td style=\"width: 52.4368%; height: 23px;\">\n<ul>\n<li>Entreposage des donn\u00e9es<\/li>\n<\/ul>\n<\/td>\n<td style=\"width: 26.2041%; height: 23px; text-align: right;\">24 $\/gigaoctet\/an<strong>n\u00e9e<\/strong><\/td>\n<\/tr>\n<tr style=\"height: 23px; background-color: #00aeef;\">\n<td style=\"width: 52.4368%; height: 23px;\"><strong>Gestion et entreposage dossiers patients papiers<\/strong><\/td>\n<td style=\"width: 26.2041%; height: 23px; text-align: right;\">\u00a0<\/td>\n<\/tr>\n<tr style=\"height: 23px;\">\n<td style=\"width: 52.4368%; height: 23px;\">\n<ul>\n<li>Ouverture<\/li>\n<\/ul>\n<\/td>\n<td style=\"width: 26.2041%; height: 23px; text-align: right;\">1 185 $<\/td>\n<\/tr>\n<tr style=\"height: 23px;\">\n<td style=\"width: 52.4368%; height: 23px;\">\n<ul>\n<li>Frais de la compagnie de transport environ<\/li>\n<\/ul>\n<\/td>\n<td style=\"width: 26.2041%; height: 23px; text-align: right;\">120$\/h<\/td>\n<\/tr>\n<tr style=\"height: 23px;\">\n<td style=\"width: 52.4368%; height: 23px;\">\n<ul>\n<li>Inventaire et classement des dossiers<\/li>\n<\/ul>\n<\/td>\n<td style=\"width: 26.2041%; height: 23px; text-align: right;\">60 $\/bo\u00eete<\/td>\n<\/tr>\n<tr style=\"height: 23px;\">\n<td style=\"width: 52.4368%; height: 23px;\">\n<ul>\n<li>Entreposage<\/li>\n<\/ul>\n<\/td>\n<td style=\"width: 26.2041%; height: 23px; text-align: right;\">20 $\/bo\u00eete\/ann\u00e9e<\/td>\n<\/tr>\n<tr style=\"height: 23px;\">\n<td style=\"width: 52.4368%; height: 23px;\">\n<ul>\n<li>Destruction<\/li>\n<\/ul>\n<\/td>\n<td style=\"width: 26.2041%; height: 23px; text-align: right;\">7,50 $\/bo\u00eete<\/td>\n<\/tr>\n<\/tbody>\n<\/table>\n<p>Mise \u00e0 jour : Janvier 2026<\/p>\n<p>[\/et_pb_text][\/et_pb_column][\/et_pb_row][\/et_pb_section][et_pb_section fb_built=\u00a0\u00bb1&Prime; _builder_version=\u00a0\u00bb4.19.0&Prime; _module_preset=\u00a0\u00bba0bf4bbc-ca13-4332-aaa3-530026babc6a\u00a0\u00bb global_colors_info=\u00a0\u00bb{}\u00a0\u00bb][et_pb_row column_structure=\u00a0\u00bb3_5,2_5&Prime; _builder_version=\u00a0\u00bb4.19.0&Prime; _module_preset=\u00a0\u00bb34ebdddb-ba4e-47a4-ad6e-f7a0f2f689bf\u00a0\u00bb global_colors_info=\u00a0\u00bb{}\u00a0\u00bb][et_pb_column type=\u00a0\u00bb3_5&Prime; _builder_version=\u00a0\u00bb4.19.0&Prime; _module_preset=\u00a0\u00bbdefault\u00a0\u00bb global_colors_info=\u00a0\u00bb{}\u00a0\u00bb][et_pb_text _builder_version=\u00a0\u00bb4.27.4&Prime; _module_preset=\u00a0\u00bbdefault\u00a0\u00bb global_colors_info=\u00a0\u00bb{}\u00a0\u00bb]<\/p>\n<h3><strong>Obligation du membre<\/strong><\/h3>\n<p>Selon l\u2019article 60 du <em>Code des professions, <\/em>les membres ont l\u2019obligation de maintenir \u00e0 jour leur courriel, leur domicile professionnel ainsi que leurs renseignements li\u00e9s \u00e0 une d\u00e9cision judiciaire ou disciplinaire ou encore \u00e0 une poursuite criminelle les concernant.<\/p>\n<p>Les membres doivent aviser le secr\u00e9taire, \u00e0 tout moment dans l\u2019ann\u00e9e, de toute modification dans les 30 jours du changement.<\/p>\n<p>&nbsp;<\/p>\n<h3><strong>Renouvellement hors-d\u00e9lai<\/strong><\/h3>\n<p>Si le renouvellement de l\u2019inscription n\u2019est pas fait dans les d\u00e9lais, le membre ne sera plus autoris\u00e9 \u00e0 exercer sa profession ni \u00e0 utiliser le titre d\u2019audioproth\u00e9siste, et ce, \u00e0 compter du 1<sup>er\u00a0<\/sup>avril.<\/p>\n<p>Pour retrouver son statut de membre en r\u00e8gle, le membre doit contacter le service des affaires juridiques par <a href=\"mailto:vsaulnier@audioprothesiste.org\">courriel<\/a>.<\/p>\n<p>&nbsp;<\/p>\n<h3><strong>Non-renouvellement<\/strong><\/h3>\n<p>Le membre qui quitte la profession pour un d\u00e9part \u00e0 la retraite, pour un cong\u00e9 parental ou pour toute autre raison, doit, lors du renouvellement de la cotisation, acc\u00e9der au module et choisir l\u2019option du non-renouvellement sur la page d\u2019accueil du formulaire sur Octave.<\/p>\n<p>Le membre qui omet de respecter cette \u00e9tape se verra \u00eatre radi\u00e9 pour non-paiement de la cotisation.<\/p>\n<p>Selon le <a href=\"https:\/\/www.legisquebec.gouv.qc.ca\/fr\/document\/rc\/a-33,%20r.%207\" target=\"_blank\" rel=\"noopener\"><em>R\u00e8glement sur la formation continue des membres de l\u2019Ordre des audioproth\u00e9sistes du Qu\u00e9bec<\/em><\/a>, est dispens\u00e9, en tout ou en partie, des obligations pr\u00e9vues pour la p\u00e9riode de r\u00e9f\u00e9rence en cours, l\u2019audioproth\u00e9siste qui est dans l\u2019impossibilit\u00e9 de suivre les activit\u00e9s de formation continue. Pour plus d\u2019information sur la <a href=\"https:\/\/audioprothesistes.org\/staging20260303\/membres-et-etudiants\/formation-continue\/#dispense\">Dispense de formation<\/a>.<\/p>\n<p>&nbsp;<\/p>\n<h3>Carte de membre et re\u00e7u officiel<\/h3>\n<p>Une fois toutes les proc\u00e9dures respect\u00e9es, le membre pourra imprimer sa carte de membre \u00e0 partir de son espace membre sur la plateforme Octave.<\/p>\n<p>&nbsp;<\/p>\n<h3>*Assurance responsabilit\u00e9 professionnelle<\/h3>\n<p>Toute personne inscrite aupr\u00e8s de l\u2019Ordre des audioproth\u00e9sistes du Qu\u00e9bec est couverte par une assurance responsabilit\u00e9 professionnelle.<\/p>\n<p>Pour en savoir plus, <a href=\"https:\/\/groupes.beneva.ca\/fr\/audioprothesistes\/responsabiliteprofessionnelle\">cliquer ici.<\/a><\/p>\n<p><a href=\"https:\/\/audioprothesistes.org\/staging20260303\/bronze_beneva-logo\/\"><img loading=\"lazy\" decoding=\"async\" class=\"wp-image-6340  aligncenter\" src=\"https:\/\/audioprothesistes.org\/staging20260303\/wp-content\/uploads\/2023\/09\/BRONZE_BENEVA-Logo-300x107.png\" alt=\"\" width=\"187\" height=\"41\" \/><\/a><\/p>\n<p>[\/et_pb_text][\/et_pb_column][et_pb_column type=\u00a0\u00bb2_5&Prime; _builder_version=\u00a0\u00bb4.19.0&Prime; _module_preset=\u00a0\u00bbdefault\u00a0\u00bb global_colors_info=\u00a0\u00bb{}\u00a0\u00bb][\/et_pb_column][\/et_pb_row][\/et_pb_section]<\/p>\n","protected":false},"excerpt":{"rendered":"<p>Pour exercer la profession d\u2019audioproth\u00e9siste, le membre doit \u00eatre inscrit au Tableau de l\u2019Ordre. L\u2019inscription au Tableau de l\u2019Ordre est le processus par lequel le membre communique ses renseignements personnels et professionnels. Pour confirmer son droit d\u2019exercer la profession entre le 1er avril et le 31 mars, le membre doit, entre le 15 f\u00e9vrier et [&hellip;]<\/p>\n","protected":false},"author":1,"featured_media":5293,"parent":4753,"menu_order":4,"comment_status":"closed","ping_status":"closed","template":"","meta":{"_et_pb_use_builder":"on","_et_pb_old_content":"","_et_gb_content_width":"","footnotes":""},"class_list":["post-4806","page","type-page","status-publish","has-post-thumbnail","hentry"],"acf":[],"_links":{"self":[{"href":"https:\/\/audioprothesistes.org\/staging20260303\/wp-json\/wp\/v2\/pages\/4806","targetHints":{"allow":["GET"]}}],"collection":[{"href":"https:\/\/audioprothesistes.org\/staging20260303\/wp-json\/wp\/v2\/pages"}],"about":[{"href":"https:\/\/audioprothesistes.org\/staging20260303\/wp-json\/wp\/v2\/types\/page"}],"author":[{"embeddable":true,"href":"https:\/\/audioprothesistes.org\/staging20260303\/wp-json\/wp\/v2\/users\/1"}],"replies":[{"embeddable":true,"href":"https:\/\/audioprothesistes.org\/staging20260303\/wp-json\/wp\/v2\/comments?post=4806"}],"version-history":[{"count":37,"href":"https:\/\/audioprothesistes.org\/staging20260303\/wp-json\/wp\/v2\/pages\/4806\/revisions"}],"predecessor-version":[{"id":10376,"href":"https:\/\/audioprothesistes.org\/staging20260303\/wp-json\/wp\/v2\/pages\/4806\/revisions\/10376"}],"up":[{"embeddable":true,"href":"https:\/\/audioprothesistes.org\/staging20260303\/wp-json\/wp\/v2\/pages\/4753"}],"wp:featuredmedia":[{"embeddable":true,"href":"https:\/\/audioprothesistes.org\/staging20260303\/wp-json\/wp\/v2\/media\/5293"}],"wp:attachment":[{"href":"https:\/\/audioprothesistes.org\/staging20260303\/wp-json\/wp\/v2\/media?parent=4806"}],"curies":[{"name":"wp","href":"https:\/\/api.w.org\/{rel}","templated":true}]}}