{"id":4808,"date":"2023-03-31T15:10:47","date_gmt":"2023-03-31T15:10:47","guid":{"rendered":"https:\/\/dev2.eklore.ca\/oaq\/?page_id=4808"},"modified":"2026-02-18T17:02:49","modified_gmt":"2026-02-18T22:02:49","slug":"exercice-en-societe","status":"publish","type":"page","link":"https:\/\/audioprothesistes.org\/staging20260303\/membres\/exercice-en-societe\/","title":{"rendered":"Exercice en soci\u00e9t\u00e9"},"content":{"rendered":"<p>[et_pb_section fb_built=\u00a0\u00bb1&Prime; admin_label=\u00a0\u00bbsection\u00a0\u00bb _builder_version=\u00a0\u00bb4.16&Prime; global_colors_info=\u00a0\u00bb{}\u00a0\u00bb][et_pb_row column_structure=\u00a0\u00bb3_5,2_5&Prime; admin_label=\u00a0\u00bbrow\u00a0\u00bb _builder_version=\u00a0\u00bb4.19.0&Prime; _module_preset=\u00a0\u00bb34ebdddb-ba4e-47a4-ad6e-f7a0f2f689bf\u00a0\u00bb global_colors_info=\u00a0\u00bb{}\u00a0\u00bb][et_pb_column type=\u00a0\u00bb3_5&Prime; _builder_version=\u00a0\u00bb4.16&Prime; custom_padding=\u00a0\u00bb|||\u00a0\u00bb global_colors_info=\u00a0\u00bb{}\u00a0\u00bb custom_padding__hover=\u00a0\u00bb|||\u00a0\u00bb][et_pb_text _builder_version=\u00a0\u00bb4.27.4&Prime; _module_preset=\u00a0\u00bbdefault\u00a0\u00bb global_colors_info=\u00a0\u00bb{}\u00a0\u00bb]<\/p>\n<p>Un audioproth\u00e9siste peut, aux conditions, modalit\u00e9s et restrictions pr\u00e9vues au <a href=\"https:\/\/www.legisquebec.gouv.qc.ca\/fr\/document\/rc\/a-33,%20r.%206.1#:~:text=1.,(chapitre%20C%2D26).\" target=\"_blank\" rel=\"noopener\"><em>R\u00e8glement sur l\u2019exercice de la profession d\u2019audioproth\u00e9siste en soci\u00e9t\u00e9<\/em><\/a><em>,<\/em> exercer ses activit\u00e9s professionnelles au sein d\u2019une soci\u00e9t\u00e9 en nom collectif \u00e0 responsabilit\u00e9 limit\u00e9e (SENCRL) ou d\u2019une soci\u00e9t\u00e9 par actions (SPA) au sens du chapitre VI.3 du <em>Code des professions<\/em> (chapitre\u00a0C-26).<\/p>\n<p>En tout temps, l\u2019audioproth\u00e9siste doit s\u2019assurer que la soci\u00e9t\u00e9 lui permet de respecter le <em>Code des professions<\/em>, la <em>Loi sur les audioproth\u00e9sistes<\/em> (chapitre A-33) et tous les r\u00e8glements pris en application de ce Code ou de cette Loi.<\/p>\n<p>Les d\u00e9clarations annuelles se font enti\u00e8rement sur la plateforme Octave.\u00a0<\/p>\n<p>[\/et_pb_text][\/et_pb_column][et_pb_column type=\u00a0\u00bb2_5&Prime; _builder_version=\u00a0\u00bb4.16&Prime; custom_padding=\u00a0\u00bb|||\u00a0\u00bb global_colors_info=\u00a0\u00bb{}\u00a0\u00bb custom_padding__hover=\u00a0\u00bb|||\u00a0\u00bb][\/et_pb_column][\/et_pb_row][\/et_pb_section]<\/p>\n","protected":false},"excerpt":{"rendered":"<p>Un audioproth\u00e9siste peut, aux conditions, modalit\u00e9s et restrictions pr\u00e9vues au R\u00e8glement sur l\u2019exercice de la profession d\u2019audioproth\u00e9siste en soci\u00e9t\u00e9, exercer ses activit\u00e9s professionnelles au sein d\u2019une soci\u00e9t\u00e9 en nom collectif \u00e0 responsabilit\u00e9 limit\u00e9e (SENCRL) ou d\u2019une soci\u00e9t\u00e9 par actions (SPA) au sens du chapitre VI.3 du Code des professions (chapitre\u00a0C-26). En tout temps, l\u2019audioproth\u00e9siste doit [&hellip;]<\/p>\n","protected":false},"author":1,"featured_media":5293,"parent":4753,"menu_order":5,"comment_status":"closed","ping_status":"closed","template":"","meta":{"_et_pb_use_builder":"on","_et_pb_old_content":"","_et_gb_content_width":"","footnotes":""},"class_list":["post-4808","page","type-page","status-publish","has-post-thumbnail","hentry"],"acf":[],"_links":{"self":[{"href":"https:\/\/audioprothesistes.org\/staging20260303\/wp-json\/wp\/v2\/pages\/4808","targetHints":{"allow":["GET"]}}],"collection":[{"href":"https:\/\/audioprothesistes.org\/staging20260303\/wp-json\/wp\/v2\/pages"}],"about":[{"href":"https:\/\/audioprothesistes.org\/staging20260303\/wp-json\/wp\/v2\/types\/page"}],"author":[{"embeddable":true,"href":"https:\/\/audioprothesistes.org\/staging20260303\/wp-json\/wp\/v2\/users\/1"}],"replies":[{"embeddable":true,"href":"https:\/\/audioprothesistes.org\/staging20260303\/wp-json\/wp\/v2\/comments?post=4808"}],"version-history":[{"count":22,"href":"https:\/\/audioprothesistes.org\/staging20260303\/wp-json\/wp\/v2\/pages\/4808\/revisions"}],"predecessor-version":[{"id":10347,"href":"https:\/\/audioprothesistes.org\/staging20260303\/wp-json\/wp\/v2\/pages\/4808\/revisions\/10347"}],"up":[{"embeddable":true,"href":"https:\/\/audioprothesistes.org\/staging20260303\/wp-json\/wp\/v2\/pages\/4753"}],"wp:featuredmedia":[{"embeddable":true,"href":"https:\/\/audioprothesistes.org\/staging20260303\/wp-json\/wp\/v2\/media\/5293"}],"wp:attachment":[{"href":"https:\/\/audioprothesistes.org\/staging20260303\/wp-json\/wp\/v2\/media?parent=4808"}],"curies":[{"name":"wp","href":"https:\/\/api.w.org\/{rel}","templated":true}]}}

Exercice en société

<p>[et_pb_section fb_built= »1&Prime; admin_label= »section » _builder_version= »4.16&Prime; global_colors_info= »{} »][et_pb_row column_structure= »3_5,2_5&Prime; admin_label= »row » _builder_version= »4.19.0&Prime; _module_preset= »34ebdddb-ba4e-47a4-ad6e-f7a0f2f689bf » global_colors_info= »{} »][et_pb_column type= »3_5&Prime; _builder_version= »4.16&Prime; custom_padding= »||| » global_colors_info= »{} » custom_padding__hover= »||| »][et_pb_text _builder_version= »4.27.4&Prime; _module_preset= »default » global_colors_info= »{} »]</p>
<p>Un audioprothésiste peut, aux conditions, modalités et restrictions prévues au <a href="https://www.legisquebec.gouv.qc.ca/fr/document/rc/a-33,%20r.%206.1#:~:text=1.,(chapitre%20C%2D26)." target="_blank" rel="noopener"><em>Règlement sur l’exercice de la profession d’audioprothésiste en société</em></a><em>,</em> exercer ses activités professionnelles au sein d’une société en nom collectif à responsabilité limitée (SENCRL) ou d’une société par actions (SPA) au sens du chapitre VI.3 du <em>Code des professions</em> (chapitre C-26).</p>
<p>En tout temps, l’audioprothésiste doit s’assurer que la société lui permet de respecter le <em>Code des professions</em>, la <em>Loi sur les audioprothésistes</em> (chapitre A-33) et tous les règlements pris en application de ce Code ou de cette Loi.</p>
<p>Les déclarations annuelles se font entièrement sur la plateforme Octave. </p>
<p>[/et_pb_text][/et_pb_column][et_pb_column type= »2_5&Prime; _builder_version= »4.16&Prime; custom_padding= »||| » global_colors_info= »{} » custom_padding__hover= »||| »][/et_pb_column][/et_pb_row][/et_pb_section]</p>

<p>Un audioprothésiste peut, aux conditions, modalités et restrictions prévues au Règlement sur l’exercice de la profession d’audioprothésiste en société, exercer ses activités professionnelles au sein d’une société en nom collectif à responsabilité limitée (SENCRL) ou d’une société par actions (SPA) au sens du chapitre VI.3 du Code des professions (chapitre C-26). En tout temps, l’audioprothésiste doit [&hellip;]</p>
