{"id":4810,"date":"2023-03-31T15:11:13","date_gmt":"2023-03-31T15:11:13","guid":{"rendered":"https:\/\/dev2.eklore.ca\/oaq\/?page_id=4810"},"modified":"2025-04-01T15:39:24","modified_gmt":"2025-04-01T19:39:24","slug":"inspection-professionnelle","status":"publish","type":"page","link":"https:\/\/audioprothesistes.org\/staging20260303\/membres\/inspection-professionnelle\/","title":{"rendered":"Inspection professionnelle"},"content":{"rendered":"<p>[et_pb_section fb_built=\u00a0\u00bb1&Prime; _builder_version=\u00a0\u00bb4.19.0&Prime; _module_preset=\u00a0\u00bbdefault\u00a0\u00bb global_colors_info=\u00a0\u00bb{}\u00a0\u00bb][et_pb_row column_structure=\u00a0\u00bb3_5,2_5&Prime; _builder_version=\u00a0\u00bb4.19.0&Prime; _module_preset=\u00a0\u00bb34ebdddb-ba4e-47a4-ad6e-f7a0f2f689bf\u00a0\u00bb global_colors_info=\u00a0\u00bb{}\u00a0\u00bb][et_pb_column type=\u00a0\u00bb3_5&Prime; _builder_version=\u00a0\u00bb4.19.0&Prime; _module_preset=\u00a0\u00bbdefault\u00a0\u00bb global_colors_info=\u00a0\u00bb{}\u00a0\u00bb][et_pb_text _builder_version=\u00a0\u00bb4.19.0&Prime; _module_preset=\u00a0\u00bbdefault\u00a0\u00bb custom_padding=\u00a0\u00bb||0px|||\u00a0\u00bb global_colors_info=\u00a0\u00bb{}\u00a0\u00bb]<\/p>\n<p>Les ordres professionnels ne pourraient concr\u00e9tiser leur mission de protection du public sans que les services professionnels offerts par leurs membres soient de qualit\u00e9. C\u2019est ce qui explique pourquoi, afin d\u2019observer concr\u00e8tement l\u2019exercice de la profession, les ordres professionnels proc\u00e8dent \u00e0 des inspections.<\/p>\n<p><strong>Rappelons que l\u2019objectif de l\u2019inspection professionnelle est de fournir une r\u00e9troaction pertinente aux membres afin qu\u2019ils puissent am\u00e9liorer leur pratique.<\/strong> L\u2019inspection professionnelle vise ainsi \u00e0 encourager et \u00e0 soutenir une pratique conforme dans le respect de la r\u00e8glementation et des normes en vigueur, tout en s\u2019assurant que les membres tiennent \u00e0 jour leurs comp\u00e9tences.<\/p>\n<p>[\/et_pb_text][et_pb_text _builder_version=\u00a0\u00bb4.19.0&Prime; _module_preset=\u00a0\u00bb0f62ec1c-9bba-4db9-adc3-c1cfefbb0487&Prime; global_colors_info=\u00a0\u00bb{}\u00a0\u00bb]<\/p>\n<p><strong>Un processus d\u2019inspection en trois phases<\/strong><\/p>\n<p>Pour l\u2019audioproth\u00e9siste, l\u2019inspection est une occasion de faire un bilan de sa pratique professionnelle (champ de pratique, activit\u00e9s professionnelles, comp\u00e9tences, formation continue, etc.) en portant un regard critique sur l\u2019ensemble de celle-ci.<\/p>\n<p>Par le biais d\u2019un <strong>questionnaire incluant une portion d\u2019auto\u00e9valuation<\/strong>, l\u2019audioproth\u00e9siste est d\u2019abord appel\u00e9 \u00e0 r\u00e9viser la r\u00e8glementation ainsi que les principes g\u00e9n\u00e9ralement accept\u00e9s de l\u2019audioproth\u00e8se afin de se sensibiliser \u00e0 ses devoirs et \u00e0 ses obligations \u00e9thiques, d\u00e9ontologiques et l\u00e9gaux r\u00e8glementaires.<\/p>\n<p>Selon les r\u00e9ponses au questionnaire, selon des crit\u00e8res de risque ainsi que de fa\u00e7on al\u00e9atoire, un certain nombre de membres s\u00e9lectionn\u00e9s se verront convoqu\u00e9s par <strong>visioconf\u00e9rence <\/strong>afin d\u2019\u00e9changer plus en d\u00e9tail sur certains aspects.<\/p>\n<p>Finalement, selon les r\u00e9sultats de la deuxi\u00e8me phase, au regard de la gestion des risques ou de fa\u00e7on al\u00e9atoire, un certain nombre de membres poursuivront le processus et participeront \u00e0 la derni\u00e8re phase, soit la <strong>visite sur les lieux de travail<\/strong>.<\/p>\n<p>Pour en savoir plus, nous vous invitons \u00e0 consulter la <a href=\"https:\/\/youtu.be\/dQZR0oKmJdM\"><strong>vid\u00e9o explicative<\/strong><\/a> sur le processus d\u2019inspection professionnelle.<\/p>\n<p>[\/et_pb_text][\/et_pb_column][et_pb_column type=\u00a0\u00bb2_5&Prime; _builder_version=\u00a0\u00bb4.19.0&Prime; _module_preset=\u00a0\u00bbdefault\u00a0\u00bb global_colors_info=\u00a0\u00bb{}\u00a0\u00bb][et_pb_code _builder_version=\u00a0\u00bb4.24.0&Prime; _module_preset=\u00a0\u00bbdefault\u00a0\u00bb global_colors_info=\u00a0\u00bb{}\u00a0\u00bb]<iframe loading=\"lazy\" width=\"560\" height=\"315\" src=\"https:\/\/www.youtube-nocookie.com\/embed\/dQZR0oKmJdM?si=XtbdoYjuB9lhyrE2&#038;controls=0\" title=\"YouTube video player\" frameborder=\"0\" allow=\"accelerometer; autoplay; clipboard-write; encrypted-media; gyroscope; picture-in-picture; web-share\" allowfullscreen><\/iframe>[\/et_pb_code][et_pb_button button_url=\u00a0\u00bbhttps:\/\/audioprothesistes.org\/staging20260303\/wp-content\/uploads\/2025\/04\/Programme-de-surveillance-de-linspection-professionnelle_2025-2026.pdf\u00a0\u00bb url_new_window=\u00a0\u00bbon\u00a0\u00bb button_text=\u00a0\u00bbConsulter le Programme de surveillance g\u00e9n\u00e9rale 2025-2026 (PDF)\u00a0\u00bb _builder_version=\u00a0\u00bb4.27.0&Prime; _module_preset=\u00a0\u00bbdefault\u00a0\u00bb global_colors_info=\u00a0\u00bb{}\u00a0\u00bb][\/et_pb_button][\/et_pb_column][\/et_pb_row][\/et_pb_section]<\/p>\n","protected":false},"excerpt":{"rendered":"<p>Les ordres professionnels ne pourraient concr\u00e9tiser leur mission de protection du public sans que les services professionnels offerts par leurs membres soient de qualit\u00e9. C\u2019est ce qui explique pourquoi, afin d\u2019observer concr\u00e8tement l\u2019exercice de la profession, les ordres professionnels proc\u00e8dent \u00e0 des inspections. Rappelons que l\u2019objectif de l\u2019inspection professionnelle est de fournir une r\u00e9troaction pertinente [&hellip;]<\/p>\n","protected":false},"author":1,"featured_media":5293,"parent":4753,"menu_order":6,"comment_status":"closed","ping_status":"closed","template":"","meta":{"_et_pb_use_builder":"on","_et_pb_old_content":"","_et_gb_content_width":"","footnotes":""},"class_list":["post-4810","page","type-page","status-publish","has-post-thumbnail","hentry"],"acf":[],"_links":{"self":[{"href":"https:\/\/audioprothesistes.org\/staging20260303\/wp-json\/wp\/v2\/pages\/4810","targetHints":{"allow":["GET"]}}],"collection":[{"href":"https:\/\/audioprothesistes.org\/staging20260303\/wp-json\/wp\/v2\/pages"}],"about":[{"href":"https:\/\/audioprothesistes.org\/staging20260303\/wp-json\/wp\/v2\/types\/page"}],"author":[{"embeddable":true,"href":"https:\/\/audioprothesistes.org\/staging20260303\/wp-json\/wp\/v2\/users\/1"}],"replies":[{"embeddable":true,"href":"https:\/\/audioprothesistes.org\/staging20260303\/wp-json\/wp\/v2\/comments?post=4810"}],"version-history":[{"count":14,"href":"https:\/\/audioprothesistes.org\/staging20260303\/wp-json\/wp\/v2\/pages\/4810\/revisions"}],"predecessor-version":[{"id":9501,"href":"https:\/\/audioprothesistes.org\/staging20260303\/wp-json\/wp\/v2\/pages\/4810\/revisions\/9501"}],"up":[{"embeddable":true,"href":"https:\/\/audioprothesistes.org\/staging20260303\/wp-json\/wp\/v2\/pages\/4753"}],"wp:featuredmedia":[{"embeddable":true,"href":"https:\/\/audioprothesistes.org\/staging20260303\/wp-json\/wp\/v2\/media\/5293"}],"wp:attachment":[{"href":"https:\/\/audioprothesistes.org\/staging20260303\/wp-json\/wp\/v2\/media?parent=4810"}],"curies":[{"name":"wp","href":"https:\/\/api.w.org\/{rel}","templated":true}]}}

<p>[et_pb_section fb_built= »1&Prime; _builder_version= »4.19.0&Prime; _module_preset= »default » global_colors_info= »{} »][et_pb_row column_structure= »3_5,2_5&Prime; _builder_version= »4.19.0&Prime; _module_preset= »34ebdddb-ba4e-47a4-ad6e-f7a0f2f689bf » global_colors_info= »{} »][et_pb_column type= »3_5&Prime; _builder_version= »4.19.0&Prime; _module_preset= »default » global_colors_info= »{} »][et_pb_text _builder_version= »4.19.0&Prime; _module_preset= »default » custom_padding= »||0px||| » global_colors_info= »{} »]</p>
<p>Les ordres professionnels ne pourraient concrétiser leur mission de protection du public sans que les services professionnels offerts par leurs membres soient de qualité. C’est ce qui explique pourquoi, afin d’observer concrètement l’exercice de la profession, les ordres professionnels procèdent à des inspections.</p>
<p><strong>Rappelons que l’objectif de l’inspection professionnelle est de fournir une rétroaction pertinente aux membres afin qu’ils puissent améliorer leur pratique.</strong> L’inspection professionnelle vise ainsi à encourager et à soutenir une pratique conforme dans le respect de la règlementation et des normes en vigueur, tout en s’assurant que les membres tiennent à jour leurs compétences.</p>
<p>[/et_pb_text][et_pb_text _builder_version= »4.19.0&Prime; _module_preset= »0f62ec1c-9bba-4db9-adc3-c1cfefbb0487&Prime; global_colors_info= »{} »]</p>
<p><strong>Un processus d’inspection en trois phases</strong></p>
<p>Pour l’audioprothésiste, l’inspection est une occasion de faire un bilan de sa pratique professionnelle (champ de pratique, activités professionnelles, compétences, formation continue, etc.) en portant un regard critique sur l’ensemble de celle-ci.</p>
<p>Par le biais d’un <strong>questionnaire incluant une portion d’autoévaluation</strong>, l’audioprothésiste est d’abord appelé à réviser la règlementation ainsi que les principes généralement acceptés de l’audioprothèse afin de se sensibiliser à ses devoirs et à ses obligations éthiques, déontologiques et légaux règlementaires.</p>
<p>Selon les réponses au questionnaire, selon des critères de risque ainsi que de façon aléatoire, un certain nombre de membres sélectionnés se verront convoqués par <strong>visioconférence </strong>afin d’échanger plus en détail sur certains aspects.</p>
<p>Finalement, selon les résultats de la deuxième phase, au regard de la gestion des risques ou de façon aléatoire, un certain nombre de membres poursuivront le processus et participeront à la dernière phase, soit la <strong>visite sur les lieux de travail</strong>.</p>
<p>Pour en savoir plus, nous vous invitons à consulter la <a href="https://youtu.be/dQZR0oKmJdM"><strong>vidéo explicative</strong></a> sur le processus d’inspection professionnelle.</p>
<p>[/et_pb_text][/et_pb_column][et_pb_column type= »2_5&Prime; _builder_version= »4.19.0&Prime; _module_preset= »default » global_colors_info= »{} »][et_pb_code _builder_version= »4.24.0&Prime; _module_preset= »default » global_colors_info= »{} »]<iframe loading="lazy" width="560" height="315" src="https://www.youtube-nocookie.com/embed/dQZR0oKmJdM?si=XtbdoYjuB9lhyrE2&#038;controls=0" title="YouTube video player" frameborder="0" allow="accelerometer; autoplay; clipboard-write; encrypted-media; gyroscope; picture-in-picture; web-share" allowfullscreen></iframe>[/et_pb_code][et_pb_button button_url= »https://audioprothesistes.org/staging20260303/wp-content/uploads/2025/04/Programme-de-surveillance-de-linspection-professionnelle_2025-2026.pdf » url_new_window= »on » button_text= »Consulter le Programme de surveillance générale 2025-2026 (PDF) » _builder_version= »4.27.0&Prime; _module_preset= »default » global_colors_info= »{} »][/et_pb_button][/et_pb_column][/et_pb_row][/et_pb_section]</p>

<p>Les ordres professionnels ne pourraient concrétiser leur mission de protection du public sans que les services professionnels offerts par leurs membres soient de qualité. C’est ce qui explique pourquoi, afin d’observer concrètement l’exercice de la profession, les ordres professionnels procèdent à des inspections. Rappelons que l’objectif de l’inspection professionnelle est de fournir une rétroaction pertinente [&hellip;]</p>
