{"id":4814,"date":"2023-03-31T15:11:45","date_gmt":"2023-03-31T15:11:45","guid":{"rendered":"https:\/\/dev2.eklore.ca\/oaq\/?page_id=4814"},"modified":"2026-03-03T17:16:53","modified_gmt":"2026-03-03T22:16:53","slug":"implication","status":"publish","type":"page","link":"https:\/\/audioprothesistes.org\/staging20260303\/membres\/implication\/","title":{"rendered":"S&rsquo;impliquer \u00e0 l&rsquo;Ordre"},"content":{"rendered":"<p>[et_pb_section fb_built=\u00a0\u00bb1&Prime; _builder_version=\u00a0\u00bb4.19.0&Prime; _module_preset=\u00a0\u00bb7d762f5a-aa88-4157-a829-8a939f27e3e9&Prime; collapsed=\u00a0\u00bboff\u00a0\u00bb global_colors_info=\u00a0\u00bb{}\u00a0\u00bb theme_builder_area=\u00a0\u00bbpost_content\u00a0\u00bb][et_pb_row column_structure=\u00a0\u00bb3_4,1_4&Prime; _builder_version=\u00a0\u00bb4.19.0&Prime; _module_preset=\u00a0\u00bb34ebdddb-ba4e-47a4-ad6e-f7a0f2f689bf\u00a0\u00bb collapsed=\u00a0\u00bboff\u00a0\u00bb global_colors_info=\u00a0\u00bb{}\u00a0\u00bb theme_builder_area=\u00a0\u00bbpost_content\u00a0\u00bb][et_pb_column type=\u00a0\u00bb3_4&Prime; _builder_version=\u00a0\u00bb4.19.0&Prime; _module_preset=\u00a0\u00bbdefault\u00a0\u00bb global_colors_info=\u00a0\u00bb{}\u00a0\u00bb theme_builder_area=\u00a0\u00bbpost_content\u00a0\u00bb][et_pb_text _builder_version=\u00a0\u00bb4.27.6&Prime; _module_preset=\u00a0\u00bbdefault\u00a0\u00bb custom_padding=\u00a0\u00bb||2px|||\u00a0\u00bb hover_enabled=\u00a0\u00bb0&Prime; global_colors_info=\u00a0\u00bb{}\u00a0\u00bb theme_builder_area=\u00a0\u00bbpost_content\u00a0\u00bb sticky_enabled=\u00a0\u00bb0&Prime;]<\/p>\n<h2><strong>Devenir membre d\u2019un comit\u00e9<\/strong><\/h2>\n<p>Vous d\u00e9sirez vous impliquer \u00e0 l\u2019Ordre? Prenez d&rsquo;abord connaissance des <strong><a href=\"https:\/\/audioprothesistes.org\/a-propos\/gouvernance\/#comites\">mandats des diff\u00e9rents comit\u00e9s.<\/a><\/strong><\/p>\n<p>Remplissez le formulaire de candidature.[\/et_pb_text][et_pb_button button_url=\u00a0\u00bbhttps:\/\/audioprothesistes.org\/staging20260303\/formulaires\/formulaire-de-candidature-comites-de-lordre\/\u00a0\u00bb url_new_window=\u00a0\u00bbon\u00a0\u00bb button_text=\u00a0\u00bbAcc\u00e9der au formulaire\u00a0\u00bb _builder_version=\u00a0\u00bb4.24.2&Prime; _module_preset=\u00a0\u00bbdefault\u00a0\u00bb global_colors_info=\u00a0\u00bb{}\u00a0\u00bb theme_builder_area=\u00a0\u00bbpost_content\u00a0\u00bb][\/et_pb_button][\/et_pb_column][et_pb_column type=\u00a0\u00bb1_4&Prime; _builder_version=\u00a0\u00bb4.19.0&Prime; _module_preset=\u00a0\u00bbdefault\u00a0\u00bb global_colors_info=\u00a0\u00bb{}\u00a0\u00bb theme_builder_area=\u00a0\u00bbpost_content\u00a0\u00bb][\/et_pb_column][\/et_pb_row][\/et_pb_section]<\/p>\n","protected":false},"excerpt":{"rendered":"<p>Devenir membre d\u2019un comit\u00e9 Vous d\u00e9sirez vous impliquer \u00e0 l\u2019Ordre? Prenez d&rsquo;abord connaissance des mandats des diff\u00e9rents comit\u00e9s. Remplissez le formulaire de candidature.<\/p>\n","protected":false},"author":1,"featured_media":5293,"parent":4753,"menu_order":8,"comment_status":"closed","ping_status":"closed","template":"","meta":{"_et_pb_use_builder":"on","_et_pb_old_content":"","_et_gb_content_width":"","footnotes":""},"class_list":["post-4814","page","type-page","status-publish","has-post-thumbnail","hentry"],"acf":[],"_links":{"self":[{"href":"https:\/\/audioprothesistes.org\/staging20260303\/wp-json\/wp\/v2\/pages\/4814","targetHints":{"allow":["GET"]}}],"collection":[{"href":"https:\/\/audioprothesistes.org\/staging20260303\/wp-json\/wp\/v2\/pages"}],"about":[{"href":"https:\/\/audioprothesistes.org\/staging20260303\/wp-json\/wp\/v2\/types\/page"}],"author":[{"embeddable":true,"href":"https:\/\/audioprothesistes.org\/staging20260303\/wp-json\/wp\/v2\/users\/1"}],"replies":[{"embeddable":true,"href":"https:\/\/audioprothesistes.org\/staging20260303\/wp-json\/wp\/v2\/comments?post=4814"}],"version-history":[{"count":16,"href":"https:\/\/audioprothesistes.org\/staging20260303\/wp-json\/wp\/v2\/pages\/4814\/revisions"}],"predecessor-version":[{"id":10508,"href":"https:\/\/audioprothesistes.org\/staging20260303\/wp-json\/wp\/v2\/pages\/4814\/revisions\/10508"}],"up":[{"embeddable":true,"href":"https:\/\/audioprothesistes.org\/staging20260303\/wp-json\/wp\/v2\/pages\/4753"}],"wp:featuredmedia":[{"embeddable":true,"href":"https:\/\/audioprothesistes.org\/staging20260303\/wp-json\/wp\/v2\/media\/5293"}],"wp:attachment":[{"href":"https:\/\/audioprothesistes.org\/staging20260303\/wp-json\/wp\/v2\/media?parent=4814"}],"curies":[{"name":"wp","href":"https:\/\/api.w.org\/{rel}","templated":true}]}}

S&rsquo;impliquer à l&rsquo;Ordre

<p>[et_pb_section fb_built= »1&Prime; _builder_version= »4.19.0&Prime; _module_preset= »7d762f5a-aa88-4157-a829-8a939f27e3e9&Prime; collapsed= »off » global_colors_info= »{} » theme_builder_area= »post_content »][et_pb_row column_structure= »3_4,1_4&Prime; _builder_version= »4.19.0&Prime; _module_preset= »34ebdddb-ba4e-47a4-ad6e-f7a0f2f689bf » collapsed= »off » global_colors_info= »{} » theme_builder_area= »post_content »][et_pb_column type= »3_4&Prime; _builder_version= »4.19.0&Prime; _module_preset= »default » global_colors_info= »{} » theme_builder_area= »post_content »][et_pb_text _builder_version= »4.27.6&Prime; _module_preset= »default » custom_padding= »||2px||| » hover_enabled= »0&Prime; global_colors_info= »{} » theme_builder_area= »post_content » sticky_enabled= »0&Prime;]</p>
<h2><strong>Devenir membre d’un comité</strong></h2>
<p>Vous désirez vous impliquer à l’Ordre? Prenez d&rsquo;abord connaissance des <strong><a href="https://audioprothesistes.org/a-propos/gouvernance/#comites">mandats des différents comités.</a></strong></p>
<p>Remplissez le formulaire de candidature.[/et_pb_text][et_pb_button button_url= »https://audioprothesistes.org/staging20260303/formulaires/formulaire-de-candidature-comites-de-lordre/ » url_new_window= »on » button_text= »Accéder au formulaire » _builder_version= »4.24.2&Prime; _module_preset= »default » global_colors_info= »{} » theme_builder_area= »post_content »][/et_pb_button][/et_pb_column][et_pb_column type= »1_4&Prime; _builder_version= »4.19.0&Prime; _module_preset= »default » global_colors_info= »{} » theme_builder_area= »post_content »][/et_pb_column][/et_pb_row][/et_pb_section]</p>

<p>Devenir membre d’un comité Vous désirez vous impliquer à l’Ordre? Prenez d&rsquo;abord connaissance des mandats des différents comités. Remplissez le formulaire de candidature.</p>
