{"id":4830,"date":"2023-03-31T15:14:42","date_gmt":"2023-03-31T15:14:42","guid":{"rendered":"https:\/\/dev2.eklore.ca\/oaq\/?page_id=4830"},"modified":"2025-10-09T17:29:50","modified_gmt":"2025-10-09T21:29:50","slug":"retour-a-la-profession","status":"publish","type":"page","link":"https:\/\/audioprothesistes.org\/staging20260303\/devenir-membre\/retour-a-la-profession\/","title":{"rendered":"Retour \u00e0 la profession"},"content":{"rendered":"<p>[et_pb_section fb_built=\u00a0\u00bb1&Prime; _builder_version=\u00a0\u00bb4.19.0&Prime; _module_preset=\u00a0\u00bbdefault\u00a0\u00bb global_colors_info=\u00a0\u00bb{}\u00a0\u00bb][et_pb_row _builder_version=\u00a0\u00bb4.19.0&Prime; _module_preset=\u00a0\u00bb34ebdddb-ba4e-47a4-ad6e-f7a0f2f689bf\u00a0\u00bb custom_padding=\u00a0\u00bb|69px||69px|false|true\u00a0\u00bb global_colors_info=\u00a0\u00bb{}\u00a0\u00bb][et_pb_column type=\u00a0\u00bb4_4&Prime; _builder_version=\u00a0\u00bb4.19.0&Prime; _module_preset=\u00a0\u00bbdefault\u00a0\u00bb global_colors_info=\u00a0\u00bb{}\u00a0\u00bb][et_pb_text _builder_version=\u00a0\u00bb4.27.4&Prime; _module_preset=\u00a0\u00bbdefault\u00a0\u00bb global_colors_info=\u00a0\u00bb{}\u00a0\u00bb]<\/p>\n<p>Les candidats souhaitant se r\u00e9inscrire doivent faire parvenir \u00e0 l\u2019Ordre une demande de r\u00e9inscription (<a href=\"https:\/\/audioprothesistes.org\/staging20260303\/wp-content\/uploads\/2023\/07\/Formulaire-reinscription-membre_VF2023.pdf\" target=\"_blank\" rel=\"noopener\"><strong>Formulaire de r\u00e9inscription au tableau de l&rsquo;Ordre<\/strong><\/a>) en s\u2019adressant au secr\u00e9tariat de l\u2019Ordre. Ils doivent acquitter le montant de la <a href=\"https:\/\/audioprothesistes.org\/staging20260303\/membres-et-etudiants\/cotisation\/\" target=\"_blank\" rel=\"noopener\">cotisation annuelle<\/a> en vigueur au moment de la demande. Ils doivent \u00e9galement acquitter les frais de r\u00e9inscription de 100 $ ainsi que le montant pr\u00e9vu pour le financement de l\u2019Office des professions (OPQ).<\/p>\n<p>\u00c0 noter que les obligations reli\u00e9es \u00e0 l\u2019inscription au tableau de l\u2019Ordre doivent \u00eatre d\u00fbment compl\u00e9t\u00e9es chaque ann\u00e9e pour pouvoir conserver son droit de pratique.<\/p>\n<p>D\u2019autres conditions s\u2019appliquent pour maintenir le droit de pratique, notamment celle reli\u00e9e \u00e0 la formation continue des membres. Pour maintenir leur droit de pratique, les audioproth\u00e9sistes doivent se conformer au <a href=\"https:\/\/www.legisquebec.gouv.qc.ca\/fr\/document\/rc\/a-33,%20r.%207\" target=\"_blank\" rel=\"noopener\"><em>R\u00e8glement sur la formation continue des membres de l\u2019Ordre des audioproth\u00e9sistes du Qu\u00e9bec<\/em><\/a> qui stipule qu\u2019ils doivent accumuler au moins 30 unit\u00e9s de formation continue (UFC) par p\u00e9riode de r\u00e9f\u00e9rence.<\/p>\n<p>[\/et_pb_text][\/et_pb_column][\/et_pb_row][\/et_pb_section]<\/p>\n","protected":false},"excerpt":{"rendered":"<p>Les candidats souhaitant se r\u00e9inscrire doivent faire parvenir \u00e0 l\u2019Ordre une demande de r\u00e9inscription (Formulaire de r\u00e9inscription au tableau de l&rsquo;Ordre) en s\u2019adressant au secr\u00e9tariat de l\u2019Ordre. Ils doivent acquitter le montant de la cotisation annuelle en vigueur au moment de la demande. Ils doivent \u00e9galement acquitter les frais de r\u00e9inscription de 100 $ ainsi [&hellip;]<\/p>\n","protected":false},"author":1,"featured_media":5293,"parent":4755,"menu_order":5,"comment_status":"closed","ping_status":"closed","template":"","meta":{"_et_pb_use_builder":"on","_et_pb_old_content":"","_et_gb_content_width":"","footnotes":""},"class_list":["post-4830","page","type-page","status-publish","has-post-thumbnail","hentry"],"acf":[],"_links":{"self":[{"href":"https:\/\/audioprothesistes.org\/staging20260303\/wp-json\/wp\/v2\/pages\/4830","targetHints":{"allow":["GET"]}}],"collection":[{"href":"https:\/\/audioprothesistes.org\/staging20260303\/wp-json\/wp\/v2\/pages"}],"about":[{"href":"https:\/\/audioprothesistes.org\/staging20260303\/wp-json\/wp\/v2\/types\/page"}],"author":[{"embeddable":true,"href":"https:\/\/audioprothesistes.org\/staging20260303\/wp-json\/wp\/v2\/users\/1"}],"replies":[{"embeddable":true,"href":"https:\/\/audioprothesistes.org\/staging20260303\/wp-json\/wp\/v2\/comments?post=4830"}],"version-history":[{"count":27,"href":"https:\/\/audioprothesistes.org\/staging20260303\/wp-json\/wp\/v2\/pages\/4830\/revisions"}],"predecessor-version":[{"id":10038,"href":"https:\/\/audioprothesistes.org\/staging20260303\/wp-json\/wp\/v2\/pages\/4830\/revisions\/10038"}],"up":[{"embeddable":true,"href":"https:\/\/audioprothesistes.org\/staging20260303\/wp-json\/wp\/v2\/pages\/4755"}],"wp:featuredmedia":[{"embeddable":true,"href":"https:\/\/audioprothesistes.org\/staging20260303\/wp-json\/wp\/v2\/media\/5293"}],"wp:attachment":[{"href":"https:\/\/audioprothesistes.org\/staging20260303\/wp-json\/wp\/v2\/media?parent=4830"}],"curies":[{"name":"wp","href":"https:\/\/api.w.org\/{rel}","templated":true}]}}